{"id":330,"date":"2023-06-20T15:28:01","date_gmt":"2023-06-20T13:28:01","guid":{"rendered":"https:\/\/d.r4.wbsprt.com\/hronvodackymaraton.sk\/?page_id=330"},"modified":"2023-06-20T15:42:52","modified_gmt":"2023-06-20T13:42:52","slug":"foto-milan-vollman","status":"publish","type":"page","link":"https:\/\/d.r4.wbsprt.com\/hronvodackymaraton.sk\/foto-milan-vollman\/","title":{"rendered":"Foto Milan Vollman"},"content":{"rendered":"<figure class='gallery-item'>\n\t\t\t\t<a data-elementor-open-lightbox=\"yes\" data-elementor-lightbox-slideshow=\"fe5d5d0\" data-elementor-lightbox-title=\"H 9.\" data-e-action-hash=\"#elementor-action%3Aaction%3Dlightbox%26settings%3DeyJpZCI6MzQwLCJ1cmwiOiJodHRwOlwvXC9kLnI0Lndic3BydC5jb21cL2hyb252b2RhY2t5bWFyYXRvbi5za1wvd3AtY29udGVudFwvdXBsb2Fkc1wvMjAyM1wvMDZcL0gtOS1zY2FsZWQuanBnIiwic2xpZGVzaG93IjoiZmU1ZDVkMCJ9\" href='http:\/\/d.r4.wbsprt.com\/hronvodackymaraton.sk\/wp-content\/uploads\/2023\/06\/H-9-scaled.jpg'><img width=\"150\" height=\"150\" src=\"http:\/\/d.r4.wbsprt.com\/hronvodackymaraton.sk\/wp-content\/uploads\/2023\/06\/H-9-150x150.jpg\" alt=\"\" decoding=\"async\" loading=\"lazy\" aria-describedby=\"gallery-3-340\" \/><\/a><figcaption class='wp-caption-text gallery-caption' id='gallery-3-340'>\n\t\t\t\tHVM 2023 &#8211; Foto Milan Vollmann<br \/>\n\t\t\t\t<\/figcaption><\/figure>\n<figure class='gallery-item'>\n\t\t\t\t<a data-elementor-open-lightbox=\"yes\" data-elementor-lightbox-slideshow=\"fe5d5d0\" data-elementor-lightbox-title=\"H 10.\" data-e-action-hash=\"#elementor-action%3Aaction%3Dlightbox%26settings%3DeyJpZCI6MzQxLCJ1cmwiOiJodHRwOlwvXC9kLnI0Lndic3BydC5jb21cL2hyb252b2RhY2t5bWFyYXRvbi5za1wvd3AtY29udGVudFwvdXBsb2Fkc1wvMjAyM1wvMDZcL0gtMTAtc2NhbGVkLmpwZyIsInNsaWRlc2hvdyI6ImZlNWQ1ZDAifQ%3D%3D\" href='http:\/\/d.r4.wbsprt.com\/hronvodackymaraton.sk\/wp-content\/uploads\/2023\/06\/H-10-scaled.jpg'><img width=\"150\" height=\"150\" src=\"http:\/\/d.r4.wbsprt.com\/hronvodackymaraton.sk\/wp-content\/uploads\/2023\/06\/H-10-150x150.jpg\" alt=\"\" decoding=\"async\" loading=\"lazy\" aria-describedby=\"gallery-3-341\" \/><\/a><figcaption class='wp-caption-text gallery-caption' id='gallery-3-341'>\n\t\t\t\tHVM 2023 &#8211; Foto Milan Vollmann<br \/>\n\t\t\t\t<\/figcaption><\/figure>\n<figure class='gallery-item'>\n\t\t\t\t<a data-elementor-open-lightbox=\"yes\" data-elementor-lightbox-slideshow=\"fe5d5d0\" data-elementor-lightbox-title=\"H 1.\" data-e-action-hash=\"#elementor-action%3Aaction%3Dlightbox%26settings%3DeyJpZCI6MzMxLCJ1cmwiOiJodHRwOlwvXC9kLnI0Lndic3BydC5jb21cL2hyb252b2RhY2t5bWFyYXRvbi5za1wvd3AtY29udGVudFwvdXBsb2Fkc1wvMjAyM1wvMDZcL0gtMS5qcGciLCJzbGlkZXNob3ciOiJmZTVkNWQwIn0%3D\" href='http:\/\/d.r4.wbsprt.com\/hronvodackymaraton.sk\/wp-content\/uploads\/2023\/06\/H-1.jpg'><img width=\"150\" height=\"150\" src=\"http:\/\/d.r4.wbsprt.com\/hronvodackymaraton.sk\/wp-content\/uploads\/2023\/06\/H-1-150x150.jpg\" alt=\"\" decoding=\"async\" loading=\"lazy\" aria-describedby=\"gallery-3-331\" \/><\/a><figcaption class='wp-caption-text gallery-caption' id='gallery-3-331'>\n\t\t\t\tHVM 2023 &#8211; Foto Milan Vollmann<br \/>\n\t\t\t\t<\/figcaption><\/figure>\n<figure class='gallery-item'>\n\t\t\t\t<a data-elementor-open-lightbox=\"yes\" data-elementor-lightbox-slideshow=\"fe5d5d0\" data-elementor-lightbox-title=\"H 11.\" data-e-action-hash=\"#elementor-action%3Aaction%3Dlightbox%26settings%3DeyJpZCI6MzQyLCJ1cmwiOiJodHRwOlwvXC9kLnI0Lndic3BydC5jb21cL2hyb252b2RhY2t5bWFyYXRvbi5za1wvd3AtY29udGVudFwvdXBsb2Fkc1wvMjAyM1wvMDZcL0gtMTEuanBnIiwic2xpZGVzaG93IjoiZmU1ZDVkMCJ9\" href='http:\/\/d.r4.wbsprt.com\/hronvodackymaraton.sk\/wp-content\/uploads\/2023\/06\/H-11.jpg'><img width=\"150\" height=\"150\" src=\"http:\/\/d.r4.wbsprt.com\/hronvodackymaraton.sk\/wp-content\/uploads\/2023\/06\/H-11-150x150.jpg\" alt=\"\" decoding=\"async\" loading=\"lazy\" aria-describedby=\"gallery-3-342\" \/><\/a><figcaption class='wp-caption-text gallery-caption' id='gallery-3-342'>\n\t\t\t\tHVM 2023 &#8211; Foto Milan Vollmann<br \/>\n\t\t\t\t<\/figcaption><\/figure>\n<figure class='gallery-item'>\n\t\t\t\t<a data-elementor-open-lightbox=\"yes\" data-elementor-lightbox-slideshow=\"fe5d5d0\" data-elementor-lightbox-title=\"H 7\" data-e-action-hash=\"#elementor-action%3Aaction%3Dlightbox%26settings%3DeyJpZCI6MzM4LCJ1cmwiOiJodHRwOlwvXC9kLnI0Lndic3BydC5jb21cL2hyb252b2RhY2t5bWFyYXRvbi5za1wvd3AtY29udGVudFwvdXBsb2Fkc1wvMjAyM1wvMDZcL0gtNy5qcGciLCJzbGlkZXNob3ciOiJmZTVkNWQwIn0%3D\" href='http:\/\/d.r4.wbsprt.com\/hronvodackymaraton.sk\/wp-content\/uploads\/2023\/06\/H-7.jpg'><img width=\"150\" height=\"150\" src=\"http:\/\/d.r4.wbsprt.com\/hronvodackymaraton.sk\/wp-content\/uploads\/2023\/06\/H-7-150x150.jpg\" alt=\"\" decoding=\"async\" loading=\"lazy\" aria-describedby=\"gallery-3-338\" \/><\/a><figcaption class='wp-caption-text gallery-caption' id='gallery-3-338'>\n\t\t\t\tHVM 2023 &#8211; Foto Milan Vollmann<br \/>\n\t\t\t\t<\/figcaption><\/figure>\n<figure class='gallery-item'>\n\t\t\t\t<a data-elementor-open-lightbox=\"yes\" data-elementor-lightbox-slideshow=\"fe5d5d0\" data-elementor-lightbox-title=\"H 4.\" data-e-action-hash=\"#elementor-action%3Aaction%3Dlightbox%26settings%3DeyJpZCI6MzM0LCJ1cmwiOiJodHRwOlwvXC9kLnI0Lndic3BydC5jb21cL2hyb252b2RhY2t5bWFyYXRvbi5za1wvd3AtY29udGVudFwvdXBsb2Fkc1wvMjAyM1wvMDZcL0gtNC1zY2FsZWQuanBnIiwic2xpZGVzaG93IjoiZmU1ZDVkMCJ9\" href='http:\/\/d.r4.wbsprt.com\/hronvodackymaraton.sk\/wp-content\/uploads\/2023\/06\/H-4-scaled.jpg'><img width=\"150\" height=\"150\" src=\"http:\/\/d.r4.wbsprt.com\/hronvodackymaraton.sk\/wp-content\/uploads\/2023\/06\/H-4-150x150.jpg\" alt=\"\" decoding=\"async\" loading=\"lazy\" aria-describedby=\"gallery-3-334\" \/><\/a><figcaption class='wp-caption-text gallery-caption' id='gallery-3-334'>\n\t\t\t\tHVM 2023 &#8211; Foto Milan Vollmann<br \/>\n\t\t\t\t<\/figcaption><\/figure>\n<figure class='gallery-item'>\n\t\t\t\t<a data-elementor-open-lightbox=\"yes\" data-elementor-lightbox-slideshow=\"fe5d5d0\" data-elementor-lightbox-title=\"H XVII.\" data-e-action-hash=\"#elementor-action%3Aaction%3Dlightbox%26settings%3DeyJpZCI6MzQ3LCJ1cmwiOiJodHRwOlwvXC9kLnI0Lndic3BydC5jb21cL2hyb252b2RhY2t5bWFyYXRvbi5za1wvd3AtY29udGVudFwvdXBsb2Fkc1wvMjAyM1wvMDZcL0gtWFZJSS5qcGciLCJzbGlkZXNob3ciOiJmZTVkNWQwIn0%3D\" href='http:\/\/d.r4.wbsprt.com\/hronvodackymaraton.sk\/wp-content\/uploads\/2023\/06\/H-XVII.jpg'><img width=\"150\" height=\"150\" src=\"http:\/\/d.r4.wbsprt.com\/hronvodackymaraton.sk\/wp-content\/uploads\/2023\/06\/H-XVII-150x150.jpg\" alt=\"\" decoding=\"async\" loading=\"lazy\" aria-describedby=\"gallery-3-347\" \/><\/a><figcaption class='wp-caption-text gallery-caption' id='gallery-3-347'>\n\t\t\t\tHVM 2023 &#8211; Foto Milan Vollmann<br \/>\n\t\t\t\t<\/figcaption><\/figure>\n<figure class='gallery-item'>\n\t\t\t\t<a data-elementor-open-lightbox=\"yes\" data-elementor-lightbox-slideshow=\"fe5d5d0\" data-elementor-lightbox-title=\"H XVIII.\" data-e-action-hash=\"#elementor-action%3Aaction%3Dlightbox%26settings%3DeyJpZCI6MzQ4LCJ1cmwiOiJodHRwOlwvXC9kLnI0Lndic3BydC5jb21cL2hyb252b2RhY2t5bWFyYXRvbi5za1wvd3AtY29udGVudFwvdXBsb2Fkc1wvMjAyM1wvMDZcL0gtWFZJSUkuanBnIiwic2xpZGVzaG93IjoiZmU1ZDVkMCJ9\" href='http:\/\/d.r4.wbsprt.com\/hronvodackymaraton.sk\/wp-content\/uploads\/2023\/06\/H-XVIII.jpg'><img width=\"150\" height=\"150\" src=\"http:\/\/d.r4.wbsprt.com\/hronvodackymaraton.sk\/wp-content\/uploads\/2023\/06\/H-XVIII-150x150.jpg\" alt=\"\" decoding=\"async\" loading=\"lazy\" aria-describedby=\"gallery-3-348\" \/><\/a><figcaption class='wp-caption-text gallery-caption' id='gallery-3-348'>\n\t\t\t\tHVM 2023 &#8211; Foto Milan Vollmann<br \/>\n\t\t\t\t<\/figcaption><\/figure>\n<figure class='gallery-item'>\n\t\t\t\t<a data-elementor-open-lightbox=\"yes\" data-elementor-lightbox-slideshow=\"fe5d5d0\" data-elementor-lightbox-title=\"H XVI.\" data-e-action-hash=\"#elementor-action%3Aaction%3Dlightbox%26settings%3DeyJpZCI6MzQ2LCJ1cmwiOiJodHRwOlwvXC9kLnI0Lndic3BydC5jb21cL2hyb252b2RhY2t5bWFyYXRvbi5za1wvd3AtY29udGVudFwvdXBsb2Fkc1wvMjAyM1wvMDZcL0gtWFZJLmpwZyIsInNsaWRlc2hvdyI6ImZlNWQ1ZDAifQ%3D%3D\" href='http:\/\/d.r4.wbsprt.com\/hronvodackymaraton.sk\/wp-content\/uploads\/2023\/06\/H-XVI.jpg'><img width=\"150\" height=\"150\" src=\"http:\/\/d.r4.wbsprt.com\/hronvodackymaraton.sk\/wp-content\/uploads\/2023\/06\/H-XVI-150x150.jpg\" alt=\"\" decoding=\"async\" loading=\"lazy\" aria-describedby=\"gallery-3-346\" \/><\/a><figcaption class='wp-caption-text gallery-caption' id='gallery-3-346'>\n\t\t\t\tHVM 2023 &#8211; Foto Milan Vollmann<br \/>\n\t\t\t\t<\/figcaption><\/figure>\n<figure class='gallery-item'>\n\t\t\t\t<a data-elementor-open-lightbox=\"yes\" data-elementor-lightbox-slideshow=\"fe5d5d0\" data-elementor-lightbox-title=\"H 2.\" data-e-action-hash=\"#elementor-action%3Aaction%3Dlightbox%26settings%3DeyJpZCI6MzMyLCJ1cmwiOiJodHRwOlwvXC9kLnI0Lndic3BydC5jb21cL2hyb252b2RhY2t5bWFyYXRvbi5za1wvd3AtY29udGVudFwvdXBsb2Fkc1wvMjAyM1wvMDZcL0gtMi5qcGciLCJzbGlkZXNob3ciOiJmZTVkNWQwIn0%3D\" href='http:\/\/d.r4.wbsprt.com\/hronvodackymaraton.sk\/wp-content\/uploads\/2023\/06\/H-2.jpg'><img width=\"150\" height=\"150\" src=\"http:\/\/d.r4.wbsprt.com\/hronvodackymaraton.sk\/wp-content\/uploads\/2023\/06\/H-2-150x150.jpg\" alt=\"\" decoding=\"async\" loading=\"lazy\" aria-describedby=\"gallery-3-332\" \/><\/a><figcaption class='wp-caption-text gallery-caption' id='gallery-3-332'>\n\t\t\t\tHVM 2023 &#8211; Foto Milan Vollmann<br \/>\n\t\t\t\t<\/figcaption><\/figure>\n<figure class='gallery-item'>\n\t\t\t\t<a data-elementor-open-lightbox=\"yes\" data-elementor-lightbox-slideshow=\"fe5d5d0\" data-elementor-lightbox-title=\"H XV.\" data-e-action-hash=\"#elementor-action%3Aaction%3Dlightbox%26settings%3DeyJpZCI6MzQ1LCJ1cmwiOiJodHRwOlwvXC9kLnI0Lndic3BydC5jb21cL2hyb252b2RhY2t5bWFyYXRvbi5za1wvd3AtY29udGVudFwvdXBsb2Fkc1wvMjAyM1wvMDZcL0gtWFYtc2NhbGVkLmpwZyIsInNsaWRlc2hvdyI6ImZlNWQ1ZDAifQ%3D%3D\" href='http:\/\/d.r4.wbsprt.com\/hronvodackymaraton.sk\/wp-content\/uploads\/2023\/06\/H-XV-scaled.jpg'><img width=\"150\" height=\"150\" src=\"http:\/\/d.r4.wbsprt.com\/hronvodackymaraton.sk\/wp-content\/uploads\/2023\/06\/H-XV-150x150.jpg\" alt=\"\" decoding=\"async\" loading=\"lazy\" aria-describedby=\"gallery-3-345\" \/><\/a><figcaption class='wp-caption-text gallery-caption' id='gallery-3-345'>\n\t\t\t\tHVM 2023 &#8211; Foto Milan Vollmann<br \/>\n\t\t\t\t<\/figcaption><\/figure>\n<figure class='gallery-item'>\n\t\t\t\t<a data-elementor-open-lightbox=\"yes\" data-elementor-lightbox-slideshow=\"fe5d5d0\" data-elementor-lightbox-title=\"H 6.\" data-e-action-hash=\"#elementor-action%3Aaction%3Dlightbox%26settings%3DeyJpZCI6MzM3LCJ1cmwiOiJodHRwOlwvXC9kLnI0Lndic3BydC5jb21cL2hyb252b2RhY2t5bWFyYXRvbi5za1wvd3AtY29udGVudFwvdXBsb2Fkc1wvMjAyM1wvMDZcL0gtNi5qcGciLCJzbGlkZXNob3ciOiJmZTVkNWQwIn0%3D\" href='http:\/\/d.r4.wbsprt.com\/hronvodackymaraton.sk\/wp-content\/uploads\/2023\/06\/H-6.jpg'><img width=\"150\" height=\"150\" src=\"http:\/\/d.r4.wbsprt.com\/hronvodackymaraton.sk\/wp-content\/uploads\/2023\/06\/H-6-150x150.jpg\" alt=\"\" decoding=\"async\" loading=\"lazy\" aria-describedby=\"gallery-3-337\" \/><\/a><figcaption class='wp-caption-text gallery-caption' id='gallery-3-337'>\n\t\t\t\tHVM 2023 &#8211; Foto Milan Vollmann<br \/>\n\t\t\t\t<\/figcaption><\/figure>\n<figure class='gallery-item'>\n\t\t\t\t<a data-elementor-open-lightbox=\"yes\" data-elementor-lightbox-slideshow=\"fe5d5d0\" data-elementor-lightbox-title=\"H 8.\" data-e-action-hash=\"#elementor-action%3Aaction%3Dlightbox%26settings%3DeyJpZCI6MzM5LCJ1cmwiOiJodHRwOlwvXC9kLnI0Lndic3BydC5jb21cL2hyb252b2RhY2t5bWFyYXRvbi5za1wvd3AtY29udGVudFwvdXBsb2Fkc1wvMjAyM1wvMDZcL0gtOC5qcGciLCJzbGlkZXNob3ciOiJmZTVkNWQwIn0%3D\" href='http:\/\/d.r4.wbsprt.com\/hronvodackymaraton.sk\/wp-content\/uploads\/2023\/06\/H-8.jpg'><img width=\"150\" height=\"150\" src=\"http:\/\/d.r4.wbsprt.com\/hronvodackymaraton.sk\/wp-content\/uploads\/2023\/06\/H-8-150x150.jpg\" alt=\"\" decoding=\"async\" loading=\"lazy\" aria-describedby=\"gallery-3-339\" \/><\/a><figcaption class='wp-caption-text gallery-caption' id='gallery-3-339'>\n\t\t\t\tHVM 2023 &#8211; Foto Milan Vollmann<br \/>\n\t\t\t\t<\/figcaption><\/figure>\n<figure class='gallery-item'>\n\t\t\t\t<a data-elementor-open-lightbox=\"yes\" data-elementor-lightbox-slideshow=\"fe5d5d0\" data-elementor-lightbox-title=\"H XIV.\" data-e-action-hash=\"#elementor-action%3Aaction%3Dlightbox%26settings%3DeyJpZCI6MzQzLCJ1cmwiOiJodHRwOlwvXC9kLnI0Lndic3BydC5jb21cL2hyb252b2RhY2t5bWFyYXRvbi5za1wvd3AtY29udGVudFwvdXBsb2Fkc1wvMjAyM1wvMDZcL0gtWElWLXNjYWxlZC5qcGciLCJzbGlkZXNob3ciOiJmZTVkNWQwIn0%3D\" href='http:\/\/d.r4.wbsprt.com\/hronvodackymaraton.sk\/wp-content\/uploads\/2023\/06\/H-XIV-scaled.jpg'><img width=\"150\" height=\"150\" src=\"http:\/\/d.r4.wbsprt.com\/hronvodackymaraton.sk\/wp-content\/uploads\/2023\/06\/H-XIV-150x150.jpg\" alt=\"\" decoding=\"async\" loading=\"lazy\" aria-describedby=\"gallery-3-343\" \/><\/a><figcaption class='wp-caption-text gallery-caption' id='gallery-3-343'>\n\t\t\t\tHVM 2023 &#8211; Foto Milan Vollmann<br \/>\n\t\t\t\t<\/figcaption><\/figure>\n<figure class='gallery-item'>\n\t\t\t\t<a data-elementor-open-lightbox=\"yes\" data-elementor-lightbox-slideshow=\"fe5d5d0\" data-elementor-lightbox-title=\"H XIX.\" data-e-action-hash=\"#elementor-action%3Aaction%3Dlightbox%26settings%3DeyJpZCI6MzQ0LCJ1cmwiOiJodHRwOlwvXC9kLnI0Lndic3BydC5jb21cL2hyb252b2RhY2t5bWFyYXRvbi5za1wvd3AtY29udGVudFwvdXBsb2Fkc1wvMjAyM1wvMDZcL0gtWElYLXNjYWxlZC5qcGciLCJzbGlkZXNob3ciOiJmZTVkNWQwIn0%3D\" href='http:\/\/d.r4.wbsprt.com\/hronvodackymaraton.sk\/wp-content\/uploads\/2023\/06\/H-XIX-scaled.jpg'><img width=\"150\" height=\"150\" src=\"http:\/\/d.r4.wbsprt.com\/hronvodackymaraton.sk\/wp-content\/uploads\/2023\/06\/H-XIX-150x150.jpg\" alt=\"\" decoding=\"async\" loading=\"lazy\" aria-describedby=\"gallery-3-344\" \/><\/a><figcaption class='wp-caption-text gallery-caption' id='gallery-3-344'>\n\t\t\t\tHVM 2023 &#8211; Foto Milan Vollmann<br \/>\n\t\t\t\t<\/figcaption><\/figure>\n<figure class='gallery-item'>\n\t\t\t\t<a data-elementor-open-lightbox=\"yes\" data-elementor-lightbox-slideshow=\"fe5d5d0\" data-elementor-lightbox-title=\"H XX.\" data-e-action-hash=\"#elementor-action%3Aaction%3Dlightbox%26settings%3DeyJpZCI6MzQ5LCJ1cmwiOiJodHRwOlwvXC9kLnI0Lndic3BydC5jb21cL2hyb252b2RhY2t5bWFyYXRvbi5za1wvd3AtY29udGVudFwvdXBsb2Fkc1wvMjAyM1wvMDZcL0gtWFgtc2NhbGVkLmpwZyIsInNsaWRlc2hvdyI6ImZlNWQ1ZDAifQ%3D%3D\" href='http:\/\/d.r4.wbsprt.com\/hronvodackymaraton.sk\/wp-content\/uploads\/2023\/06\/H-XX-scaled.jpg'><img width=\"150\" height=\"150\" src=\"http:\/\/d.r4.wbsprt.com\/hronvodackymaraton.sk\/wp-content\/uploads\/2023\/06\/H-XX-150x150.jpg\" alt=\"\" decoding=\"async\" loading=\"lazy\" aria-describedby=\"gallery-3-349\" \/><\/a><figcaption class='wp-caption-text gallery-caption' id='gallery-3-349'>\n\t\t\t\tHVM 2023 &#8211; Foto Milan Vollmann<br \/>\n\t\t\t\t<\/figcaption><\/figure>\n","protected":false},"excerpt":{"rendered":"<p>HVM 2023 &#8211; Foto Milan Vollmann HVM 2023 &#8211; Foto Milan Vollmann HVM 2023 &#8211; Foto Milan Vollmann HVM 2023 &#8211; Foto Milan Vollmann&#8230;<\/p>\n","protected":false},"author":3,"featured_media":0,"parent":0,"menu_order":0,"comment_status":"closed","ping_status":"closed","template":"","meta":{"_eb_attr":"","_mi_skip_tracking":false,"footnotes":""},"class_list":["post-330","page","type-page","status-publish","hentry"],"yoast_head":"<!-- This site is optimized with the Yoast SEO plugin v21.0 - https:\/\/yoast.com\/wordpress\/plugins\/seo\/ -->\n<title>Foto Milan Vollman - hronmaraton.sk<\/title>\n<meta name=\"robots\" content=\"index, follow, max-snippet:-1, max-image-preview:large, max-video-preview:-1\" \/>\n<link rel=\"canonical\" href=\"https:\/\/hronvodackymaraton.sk\/foto-milan-vollman\/\" \/>\n<meta property=\"og:locale\" content=\"sk_SK\" \/>\n<meta property=\"og:type\" content=\"article\" \/>\n<meta property=\"og:title\" content=\"Foto Milan Vollman - hronmaraton.sk\" \/>\n<meta property=\"og:description\" content=\"HVM 2023 &#8211; Foto Milan Vollmann HVM 2023 &#8211; Foto Milan Vollmann HVM 2023 &#8211; Foto Milan Vollmann HVM 2023 &#8211; Foto Milan Vollmann...\" \/>\n<meta property=\"og:url\" content=\"https:\/\/hronvodackymaraton.sk\/foto-milan-vollman\/\" \/>\n<meta property=\"og:site_name\" content=\"hronmaraton.sk\" \/>\n<meta property=\"article:modified_time\" content=\"2023-06-20T13:42:52+00:00\" \/>\n<meta property=\"og:image\" content=\"http:\/\/d.r4.wbsprt.com\/hronvodackymaraton.sk\/wp-content\/uploads\/2023\/06\/H-9-150x150.jpg\" \/>\n<meta name=\"twitter:card\" content=\"summary_large_image\" \/>\n<meta name=\"twitter:label1\" content=\"Predpokladan\u00fd \u010das \u010d\u00edtania\" \/>\n\t<meta name=\"twitter:data1\" content=\"4 min\u00faty\" \/>\n<script type=\"application\/ld+json\" class=\"yoast-schema-graph\">{\"@context\":\"https:\/\/schema.org\",\"@graph\":[{\"@type\":\"WebPage\",\"@id\":\"https:\/\/hronvodackymaraton.sk\/foto-milan-vollman\/\",\"url\":\"https:\/\/hronvodackymaraton.sk\/foto-milan-vollman\/\",\"name\":\"Foto Milan Vollman - hronmaraton.sk\",\"isPartOf\":{\"@id\":\"https:\/\/hronvodackymaraton.sk\/#website\"},\"datePublished\":\"2023-06-20T13:28:01+00:00\",\"dateModified\":\"2023-06-20T13:42:52+00:00\",\"breadcrumb\":{\"@id\":\"https:\/\/hronvodackymaraton.sk\/foto-milan-vollman\/#breadcrumb\"},\"inLanguage\":\"sk-SK\",\"potentialAction\":[{\"@type\":\"ReadAction\",\"target\":[\"https:\/\/hronvodackymaraton.sk\/foto-milan-vollman\/\"]}]},{\"@type\":\"BreadcrumbList\",\"@id\":\"https:\/\/hronvodackymaraton.sk\/foto-milan-vollman\/#breadcrumb\",\"itemListElement\":[{\"@type\":\"ListItem\",\"position\":1,\"name\":\"Home\",\"item\":\"https:\/\/hronvodackymaraton.sk\/\"},{\"@type\":\"ListItem\",\"position\":2,\"name\":\"Foto Milan Vollman\"}]},{\"@type\":\"WebSite\",\"@id\":\"https:\/\/hronvodackymaraton.sk\/#website\",\"url\":\"https:\/\/hronvodackymaraton.sk\/\",\"name\":\"hronmaraton.sk\",\"description\":\"O cenu olympionika Mari\u00e1na Havl\u00ed\u010dka\",\"potentialAction\":[{\"@type\":\"SearchAction\",\"target\":{\"@type\":\"EntryPoint\",\"urlTemplate\":\"https:\/\/hronvodackymaraton.sk\/?s={search_term_string}\"},\"query-input\":\"required name=search_term_string\"}],\"inLanguage\":\"sk-SK\"}]}<\/script>\n<!-- \/ Yoast SEO plugin. -->","yoast_head_json":{"title":"Foto Milan Vollman - hronmaraton.sk","robots":{"index":"index","follow":"follow","max-snippet":"max-snippet:-1","max-image-preview":"max-image-preview:large","max-video-preview":"max-video-preview:-1"},"canonical":"https:\/\/hronvodackymaraton.sk\/foto-milan-vollman\/","og_locale":"sk_SK","og_type":"article","og_title":"Foto Milan Vollman - hronmaraton.sk","og_description":"HVM 2023 &#8211; Foto Milan Vollmann HVM 2023 &#8211; Foto Milan Vollmann HVM 2023 &#8211; Foto Milan Vollmann HVM 2023 &#8211; Foto Milan Vollmann...","og_url":"https:\/\/hronvodackymaraton.sk\/foto-milan-vollman\/","og_site_name":"hronmaraton.sk","article_modified_time":"2023-06-20T13:42:52+00:00","og_image":[{"url":"http:\/\/d.r4.wbsprt.com\/hronvodackymaraton.sk\/wp-content\/uploads\/2023\/06\/H-9-150x150.jpg"}],"twitter_card":"summary_large_image","twitter_misc":{"Predpokladan\u00fd \u010das \u010d\u00edtania":"4 min\u00faty"},"schema":{"@context":"https:\/\/schema.org","@graph":[{"@type":"WebPage","@id":"https:\/\/hronvodackymaraton.sk\/foto-milan-vollman\/","url":"https:\/\/hronvodackymaraton.sk\/foto-milan-vollman\/","name":"Foto Milan Vollman - hronmaraton.sk","isPartOf":{"@id":"https:\/\/hronvodackymaraton.sk\/#website"},"datePublished":"2023-06-20T13:28:01+00:00","dateModified":"2023-06-20T13:42:52+00:00","breadcrumb":{"@id":"https:\/\/hronvodackymaraton.sk\/foto-milan-vollman\/#breadcrumb"},"inLanguage":"sk-SK","potentialAction":[{"@type":"ReadAction","target":["https:\/\/hronvodackymaraton.sk\/foto-milan-vollman\/"]}]},{"@type":"BreadcrumbList","@id":"https:\/\/hronvodackymaraton.sk\/foto-milan-vollman\/#breadcrumb","itemListElement":[{"@type":"ListItem","position":1,"name":"Home","item":"https:\/\/hronvodackymaraton.sk\/"},{"@type":"ListItem","position":2,"name":"Foto Milan Vollman"}]},{"@type":"WebSite","@id":"https:\/\/hronvodackymaraton.sk\/#website","url":"https:\/\/hronvodackymaraton.sk\/","name":"hronmaraton.sk","description":"O cenu olympionika Mari\u00e1na Havl\u00ed\u010dka","potentialAction":[{"@type":"SearchAction","target":{"@type":"EntryPoint","urlTemplate":"https:\/\/hronvodackymaraton.sk\/?s={search_term_string}"},"query-input":"required name=search_term_string"}],"inLanguage":"sk-SK"}]}},"_links":{"self":[{"href":"https:\/\/d.r4.wbsprt.com\/hronvodackymaraton.sk\/wp-json\/wp\/v2\/pages\/330","targetHints":{"allow":["GET"]}}],"collection":[{"href":"https:\/\/d.r4.wbsprt.com\/hronvodackymaraton.sk\/wp-json\/wp\/v2\/pages"}],"about":[{"href":"https:\/\/d.r4.wbsprt.com\/hronvodackymaraton.sk\/wp-json\/wp\/v2\/types\/page"}],"author":[{"embeddable":true,"href":"https:\/\/d.r4.wbsprt.com\/hronvodackymaraton.sk\/wp-json\/wp\/v2\/users\/3"}],"replies":[{"embeddable":true,"href":"https:\/\/d.r4.wbsprt.com\/hronvodackymaraton.sk\/wp-json\/wp\/v2\/comments?post=330"}],"version-history":[{"count":6,"href":"https:\/\/d.r4.wbsprt.com\/hronvodackymaraton.sk\/wp-json\/wp\/v2\/pages\/330\/revisions"}],"predecessor-version":[{"id":370,"href":"https:\/\/d.r4.wbsprt.com\/hronvodackymaraton.sk\/wp-json\/wp\/v2\/pages\/330\/revisions\/370"}],"wp:attachment":[{"href":"https:\/\/d.r4.wbsprt.com\/hronvodackymaraton.sk\/wp-json\/wp\/v2\/media?parent=330"}],"curies":[{"name":"wp","href":"https:\/\/api.w.org\/{rel}","templated":true}]}}