{"version":"1.0","provider_name":"Jana Mozici - Realitni makl\u00e9\u0159ka","provider_url":"https:\/\/d.r4.wbsprt.com\/janamozici.cz","author_name":"pavelignacek","author_url":"https:\/\/d.r4.wbsprt.com\/janamozici.cz\/author\/pavelignacek\/","title":"\u010cty\u0159i regiony hl\u00e1s\u00ed cenov\u00fd strop u byt\u016f - Jana Mozici - Realitni makl\u00e9\u0159ka","type":"rich","width":600,"height":338,"html":"<blockquote class=\"wp-embedded-content\" data-secret=\"5P3VplvAmN\"><a href=\"https:\/\/d.r4.wbsprt.com\/janamozici.cz\/ctyri-regiony-hlasi-cenovy-strop-u-bytu\/\">\u010cty\u0159i regiony hl\u00e1s\u00ed cenov\u00fd strop u byt\u016f<\/a><\/blockquote><iframe sandbox=\"allow-scripts\" security=\"restricted\" src=\"https:\/\/d.r4.wbsprt.com\/janamozici.cz\/ctyri-regiony-hlasi-cenovy-strop-u-bytu\/embed\/#?secret=5P3VplvAmN\" width=\"600\" height=\"338\" title=\"&#8222;\u010cty\u0159i regiony hl\u00e1s\u00ed cenov\u00fd strop u byt\u016f&#8220; &#8212; Jana Mozici - Realitni makl\u00e9\u0159ka\" data-secret=\"5P3VplvAmN\" frameborder=\"0\" marginwidth=\"0\" marginheight=\"0\" scrolling=\"no\" class=\"wp-embedded-content\"><\/iframe><script>\n\/*! This file is auto-generated *\/\n!function(d,l){\"use strict\";l.querySelector&&d.addEventListener&&\"undefined\"!=typeof URL&&(d.wp=d.wp||{},d.wp.receiveEmbedMessage||(d.wp.receiveEmbedMessage=function(e){var t=e.data;if((t||t.secret||t.message||t.value)&&!\/[^a-zA-Z0-9]\/.test(t.secret)){for(var s,r,n,a=l.querySelectorAll('iframe[data-secret=\"'+t.secret+'\"]'),o=l.querySelectorAll('blockquote[data-secret=\"'+t.secret+'\"]'),c=new RegExp(\"^https?:$\",\"i\"),i=0;i<o.length;i++)o[i].style.display=\"none\";for(i=0;i<a.length;i++)s=a[i],e.source===s.contentWindow&&(s.removeAttribute(\"style\"),\"height\"===t.message?(1e3<(r=parseInt(t.value,10))?r=1e3:~~r<200&&(r=200),s.height=r):\"link\"===t.message&&(r=new URL(s.getAttribute(\"src\")),n=new URL(t.value),c.test(n.protocol))&&n.host===r.host&&l.activeElement===s&&(d.top.location.href=t.value))}},d.addEventListener(\"message\",d.wp.receiveEmbedMessage,!1),l.addEventListener(\"DOMContentLoaded\",function(){for(var e,t,s=l.querySelectorAll(\"iframe.wp-embedded-content\"),r=0;r<s.length;r++)(t=(e=s[r]).getAttribute(\"data-secret\"))||(t=Math.random().toString(36).substring(2,12),e.src+=\"#?secret=\"+t,e.setAttribute(\"data-secret\",t)),e.contentWindow.postMessage({message:\"ready\",secret:t},\"*\")},!1)))}(window,document);\n\/\/# sourceURL=https:\/\/d.r4.wbsprt.com\/janamozici.cz\/wp-includes\/js\/wp-embed.min.js\n<\/script>\n","thumbnail_url":"https:\/\/d.r4.wbsprt.com\/janamozici.cz\/wp-content\/uploads\/2026\/06\/1834.jpg","thumbnail_width":994,"thumbnail_height":794,"description":"V&nbsp;n\u011bkter\u00fdch m\u011bstech doch\u00e1z\u00ed k&nbsp;m\u00edrn\u00e9mu zpomalen\u00ed r\u016fstu cen nemovitost\u00ed. Ke konci lo\u0148sk\u00e9ho roku dokonce do\u0161lo i k&nbsp;poklesu cen u star\u0161\u00edch prod\u00e1van\u00fdch byt\u016f, a to konkr\u00e9tn\u011b v&nbsp;Praze a St\u0159edo\u010desk\u00e9m kraji. Ochlazuje popt\u00e1vka b\u011b\u017en\u00fdch dom\u00e1cnost\u00ed, investo\u0159i ale nepolevuj\u00ed. Konec roku ochladil ceny Vysok\u00e9 ceny pra\u017esk\u00e9ho bydlen\u00ed motivovaly z\u00e1jemce o n\u00e1kup nemovitost\u00ed sp\u00ed\u0161e ve St\u0159edo\u010desk\u00e9m kraji, t\u00edm se \u010d\u00e1ste\u010dn\u011b [&hellip;]"}

Jana Mozici - Realitni makléřka

Čtyři regiony hlásí cenový strop u bytů - Jana Mozici - Realitni makléřka

<blockquote class="wp-embedded-content" data-secret="5P3VplvAmN"><a href="https://d.r4.wbsprt.com/janamozici.cz/ctyri-regiony-hlasi-cenovy-strop-u-bytu/">Čtyři regiony hlásí cenový strop u bytů</a></blockquote><iframe sandbox="allow-scripts" security="restricted" src="https://d.r4.wbsprt.com/janamozici.cz/ctyri-regiony-hlasi-cenovy-strop-u-bytu/embed/#?secret=5P3VplvAmN" width="600" height="338" title="&#8222;Čtyři regiony hlásí cenový strop u bytů&#8220; &#8212; Jana Mozici - Realitni makléřka" data-secret="5P3VplvAmN" frameborder="0" marginwidth="0" marginheight="0" scrolling="no" class="wp-embedded-content"></iframe><script>
/*! This file is auto-generated */
!function(d,l){"use strict";l.querySelector&&d.addEventListener&&"undefined"!=typeof URL&&(d.wp=d.wp||{},d.wp.receiveEmbedMessage||(d.wp.receiveEmbedMessage=function(e){var t=e.data;if((t||t.secret||t.message||t.value)&&!/[^a-zA-Z0-9]/.test(t.secret)){for(var s,r,n,a=l.querySelectorAll('iframe[data-secret="'+t.secret+'"]'),o=l.querySelectorAll('blockquote[data-secret="'+t.secret+'"]'),c=new RegExp("^https?:$","i"),i=0;i<o.length;i++)o[i].style.display="none";for(i=0;i<a.length;i++)s=a[i],e.source===s.contentWindow&&(s.removeAttribute("style"),"height"===t.message?(1e3<(r=parseInt(t.value,10))?r=1e3:~~r<200&&(r=200),s.height=r):"link"===t.message&&(r=new URL(s.getAttribute("src")),n=new URL(t.value),c.test(n.protocol))&&n.host===r.host&&l.activeElement===s&&(d.top.location.href=t.value))}},d.addEventListener("message",d.wp.receiveEmbedMessage,!1),l.addEventListener("DOMContentLoaded",function(){for(var e,t,s=l.querySelectorAll("iframe.wp-embedded-content"),r=0;r<s.length;r++)(t=(e=s[r]).getAttribute("data-secret"))||(t=Math.random().toString(36).substring(2,12),e.src+="#?secret="+t,e.setAttribute("data-secret",t)),e.contentWindow.postMessage({message:"ready",secret:t},"*")},!1)))}(window,document);
//# sourceURL=https://d.r4.wbsprt.com/janamozici.cz/wp-includes/js/wp-embed.min.js
</script>

V&nbsp;některých městech dochází k&nbsp;mírnému zpomalení růstu cen nemovitostí. Ke konci loňského roku dokonce došlo i k&nbsp;poklesu cen u starších prodávaných bytů, a to konkrétně v&nbsp;Praze a Středočeském kraji. Ochlazuje poptávka běžných domácností, investoři ale nepolevují. Konec roku ochladil ceny Vysoké ceny pražského bydlení motivovaly zájemce o nákup nemovitostí spíše ve Středočeském kraji, tím se částečně [&hellip;]
