{"id":1087,"date":"2023-09-08T12:23:40","date_gmt":"2023-09-08T10:23:40","guid":{"rendered":"https:\/\/kameryfun.sk\/?page_id=1087"},"modified":"2024-07-02T11:36:10","modified_gmt":"2024-07-02T09:36:10","slug":"samoinstalacne-sety","status":"publish","type":"page","link":"https:\/\/d.r4.wbsprt.com\/kameryfun.sk\/samoinstalacne-sety\/","title":{"rendered":"Samoin\u0161tala\u010dn\u00e9 kamerov\u00e9 sety"},"content":{"rendered":"\n<h1 class=\"wp-block-heading\">   Samoin\u0161tala\u010dn\u00e9<strong><span style=\"font-size: 30px;\"> kamerov\u00e9 sety<\/span><\/strong><\/h1>\n\n\n\n<p>   Pon\u00fakame V\u00e1m na mieru pripraven\u00fa a nakonfigurovan\u00fa kamerov\u00fa zostavu.<\/p>\n\n\n\n<p>Po konzult\u00e1ci\u00ed s nami ur\u010d\u00edme ide\u00e1lne rie\u0161enie pre va\u0161u situ\u00e1ciu a jej najlep\u0161ie rie\u0161enie.<br>N\u00e1sledne pod\u013ea Va\u0161ich potrieb V\u00e1m priprav\u00edme kamerov\u00fd set obsahuj\u00faci pre V\u00e1s potrebn\u00e9 s\u00fa\u010dasti, ktor\u00e9 vyberieme a nakonfigurujeme pre bezprobl\u00e9mov\u00fa in\u0161tal\u00e1ciu plne                   funk\u010dn\u00e9ho kamerov\u00e9ho syst\u00e9mu.<\/p>\n\n\n\n<p><u><b>Set obsahuje:<br><\/b><\/u>&#8211; (&#8230;) ks kamera<br>&#8211; (&#8230;) ks dr\u017eiak kamery s mont\u00e1\u017enym boxom<br>&#8211; (&#8230;) ks FTP k\u00e1bel<br>&#8211; digit\u00e1lny NVR box<br>&#8211; hardisk<br>&#8211;<b> konfigur\u00e1cia zdarma<\/b><\/p>\n\n\n\n<p>N\u00e1sledne skompletizovan\u00fd kamerov\u00fd set, je pripraven\u00fd na fin\u00e1lnu mont\u00e1\u017e na miesto ur\u010denia, ktor\u00fa v\u010faka d\u00f4kladnej pr\u00edprave zvl\u00e1dnete bez probl\u00e9mov aj Vy.<\/p>\n","protected":false},"excerpt":{"rendered":"<p>Samoin\u0161tala\u010dn\u00e9 kamerov\u00e9 sety Pon\u00fakame V\u00e1m na mieru pripraven\u00fa a nakonfigurovan\u00fa kamerov\u00fa zostavu. Po konzult\u00e1ci\u00ed s nami ur\u010d\u00edme ide\u00e1lne rie\u0161enie pre va\u0161u situ\u00e1ciu a jej najlep\u0161ie rie\u0161enie.N\u00e1sledne pod\u013ea Va\u0161ich potrieb V\u00e1m priprav\u00edme kamerov\u00fd set obsahuj\u00faci pre V\u00e1s potrebn\u00e9 s\u00fa\u010dasti, ktor\u00e9 vyberieme<\/p>\n","protected":false},"author":1,"featured_media":0,"parent":0,"menu_order":0,"comment_status":"closed","ping_status":"closed","template":"","meta":{"_mi_skip_tracking":false,"_monsterinsights_sitenote_active":false,"_monsterinsights_sitenote_note":"","_monsterinsights_sitenote_category":0},"yoast_head":"<!-- This site is optimized with the Yoast SEO plugin v21.8.1 - https:\/\/yoast.com\/wordpress\/plugins\/seo\/ -->\n<title>Samoin\u0161tala\u010dn\u00e9 kamerov\u00e9 sety - Kameryfun.sk<\/title>\n<meta name=\"robots\" content=\"index, follow, max-snippet:-1, max-image-preview:large, max-video-preview:-1\" \/>\n<link rel=\"canonical\" href=\"https:\/\/kameryfun.sk\/samoinstalacne-sety\/\" \/>\n<meta property=\"og:locale\" content=\"sk_SK\" \/>\n<meta property=\"og:type\" content=\"article\" \/>\n<meta property=\"og:title\" content=\"Samoin\u0161tala\u010dn\u00e9 kamerov\u00e9 sety - Kameryfun.sk\" \/>\n<meta property=\"og:description\" content=\"Samoin\u0161tala\u010dn\u00e9 kamerov\u00e9 sety Pon\u00fakame V\u00e1m na mieru pripraven\u00fa a nakonfigurovan\u00fa kamerov\u00fa zostavu. Po konzult\u00e1ci\u00ed s nami ur\u010d\u00edme ide\u00e1lne rie\u0161enie pre va\u0161u situ\u00e1ciu a jej najlep\u0161ie rie\u0161enie.N\u00e1sledne pod\u013ea Va\u0161ich potrieb V\u00e1m priprav\u00edme kamerov\u00fd set obsahuj\u00faci pre V\u00e1s potrebn\u00e9 s\u00fa\u010dasti, ktor\u00e9 vyberieme\" \/>\n<meta property=\"og:url\" content=\"https:\/\/kameryfun.sk\/samoinstalacne-sety\/\" \/>\n<meta property=\"og:site_name\" content=\"Kameryfun.sk\" \/>\n<meta property=\"article:modified_time\" content=\"2024-07-02T09:36:10+00:00\" \/>\n<meta name=\"twitter:card\" content=\"summary_large_image\" \/>\n<meta name=\"twitter:label1\" content=\"Predpokladan\u00fd \u010das \u010d\u00edtania\" \/>\n\t<meta name=\"twitter:data1\" content=\"1 min\u00fata\" \/>\n<script type=\"application\/ld+json\" class=\"yoast-schema-graph\">{\"@context\":\"https:\/\/schema.org\",\"@graph\":[{\"@type\":\"WebPage\",\"@id\":\"https:\/\/kameryfun.sk\/samoinstalacne-sety\/\",\"url\":\"https:\/\/kameryfun.sk\/samoinstalacne-sety\/\",\"name\":\"Samoin\u0161tala\u010dn\u00e9 kamerov\u00e9 sety - Kameryfun.sk\",\"isPartOf\":{\"@id\":\"https:\/\/kameryfun.sk\/#website\"},\"datePublished\":\"2023-09-08T10:23:40+00:00\",\"dateModified\":\"2024-07-02T09:36:10+00:00\",\"breadcrumb\":{\"@id\":\"https:\/\/kameryfun.sk\/samoinstalacne-sety\/#breadcrumb\"},\"inLanguage\":\"sk-SK\",\"potentialAction\":[{\"@type\":\"ReadAction\",\"target\":[\"https:\/\/kameryfun.sk\/samoinstalacne-sety\/\"]}]},{\"@type\":\"BreadcrumbList\",\"@id\":\"https:\/\/kameryfun.sk\/samoinstalacne-sety\/#breadcrumb\",\"itemListElement\":[{\"@type\":\"ListItem\",\"position\":1,\"name\":\"Home\",\"item\":\"https:\/\/kameryfun.sk\/\"},{\"@type\":\"ListItem\",\"position\":2,\"name\":\"Samoin\u0161tala\u010dn\u00e9 kamerov\u00e9 sety\"}]},{\"@type\":\"WebSite\",\"@id\":\"https:\/\/kameryfun.sk\/#website\",\"url\":\"https:\/\/kameryfun.sk\/\",\"name\":\"Kameryfun.sk\",\"description\":\"\",\"publisher\":{\"@id\":\"https:\/\/kameryfun.sk\/#organization\"},\"potentialAction\":[{\"@type\":\"SearchAction\",\"target\":{\"@type\":\"EntryPoint\",\"urlTemplate\":\"https:\/\/kameryfun.sk\/?s={search_term_string}\"},\"query-input\":\"required name=search_term_string\"}],\"inLanguage\":\"sk-SK\"},{\"@type\":\"Organization\",\"@id\":\"https:\/\/kameryfun.sk\/#organization\",\"name\":\"Kameryfun.sk\",\"url\":\"https:\/\/kameryfun.sk\/\",\"logo\":{\"@type\":\"ImageObject\",\"inLanguage\":\"sk-SK\",\"@id\":\"https:\/\/kameryfun.sk\/#\/schema\/logo\/image\/\",\"url\":\"https:\/\/d.r4.wbsprt.com\/kameryfun.sk\/wp-content\/uploads\/2023\/07\/LOGO_FUN-e1689697383988.png\",\"contentUrl\":\"https:\/\/d.r4.wbsprt.com\/kameryfun.sk\/wp-content\/uploads\/2023\/07\/LOGO_FUN-e1689697383988.png\",\"width\":64,\"height\":64,\"caption\":\"Kameryfun.sk\"},\"image\":{\"@id\":\"https:\/\/kameryfun.sk\/#\/schema\/logo\/image\/\"}}]}<\/script>\n<!-- \/ Yoast SEO plugin. -->","yoast_head_json":{"title":"Samoin\u0161tala\u010dn\u00e9 kamerov\u00e9 sety - Kameryfun.sk","robots":{"index":"index","follow":"follow","max-snippet":"max-snippet:-1","max-image-preview":"max-image-preview:large","max-video-preview":"max-video-preview:-1"},"canonical":"https:\/\/kameryfun.sk\/samoinstalacne-sety\/","og_locale":"sk_SK","og_type":"article","og_title":"Samoin\u0161tala\u010dn\u00e9 kamerov\u00e9 sety - Kameryfun.sk","og_description":"Samoin\u0161tala\u010dn\u00e9 kamerov\u00e9 sety Pon\u00fakame V\u00e1m na mieru pripraven\u00fa a nakonfigurovan\u00fa kamerov\u00fa zostavu. Po konzult\u00e1ci\u00ed s nami ur\u010d\u00edme ide\u00e1lne rie\u0161enie pre va\u0161u situ\u00e1ciu a jej najlep\u0161ie rie\u0161enie.N\u00e1sledne pod\u013ea Va\u0161ich potrieb V\u00e1m priprav\u00edme kamerov\u00fd set obsahuj\u00faci pre V\u00e1s potrebn\u00e9 s\u00fa\u010dasti, ktor\u00e9 vyberieme","og_url":"https:\/\/kameryfun.sk\/samoinstalacne-sety\/","og_site_name":"Kameryfun.sk","article_modified_time":"2024-07-02T09:36:10+00:00","twitter_card":"summary_large_image","twitter_misc":{"Predpokladan\u00fd \u010das \u010d\u00edtania":"1 min\u00fata"},"schema":{"@context":"https:\/\/schema.org","@graph":[{"@type":"WebPage","@id":"https:\/\/kameryfun.sk\/samoinstalacne-sety\/","url":"https:\/\/kameryfun.sk\/samoinstalacne-sety\/","name":"Samoin\u0161tala\u010dn\u00e9 kamerov\u00e9 sety - Kameryfun.sk","isPartOf":{"@id":"https:\/\/kameryfun.sk\/#website"},"datePublished":"2023-09-08T10:23:40+00:00","dateModified":"2024-07-02T09:36:10+00:00","breadcrumb":{"@id":"https:\/\/kameryfun.sk\/samoinstalacne-sety\/#breadcrumb"},"inLanguage":"sk-SK","potentialAction":[{"@type":"ReadAction","target":["https:\/\/kameryfun.sk\/samoinstalacne-sety\/"]}]},{"@type":"BreadcrumbList","@id":"https:\/\/kameryfun.sk\/samoinstalacne-sety\/#breadcrumb","itemListElement":[{"@type":"ListItem","position":1,"name":"Home","item":"https:\/\/kameryfun.sk\/"},{"@type":"ListItem","position":2,"name":"Samoin\u0161tala\u010dn\u00e9 kamerov\u00e9 sety"}]},{"@type":"WebSite","@id":"https:\/\/kameryfun.sk\/#website","url":"https:\/\/kameryfun.sk\/","name":"Kameryfun.sk","description":"","publisher":{"@id":"https:\/\/kameryfun.sk\/#organization"},"potentialAction":[{"@type":"SearchAction","target":{"@type":"EntryPoint","urlTemplate":"https:\/\/kameryfun.sk\/?s={search_term_string}"},"query-input":"required name=search_term_string"}],"inLanguage":"sk-SK"},{"@type":"Organization","@id":"https:\/\/kameryfun.sk\/#organization","name":"Kameryfun.sk","url":"https:\/\/kameryfun.sk\/","logo":{"@type":"ImageObject","inLanguage":"sk-SK","@id":"https:\/\/kameryfun.sk\/#\/schema\/logo\/image\/","url":"https:\/\/d.r4.wbsprt.com\/kameryfun.sk\/wp-content\/uploads\/2023\/07\/LOGO_FUN-e1689697383988.png","contentUrl":"https:\/\/d.r4.wbsprt.com\/kameryfun.sk\/wp-content\/uploads\/2023\/07\/LOGO_FUN-e1689697383988.png","width":64,"height":64,"caption":"Kameryfun.sk"},"image":{"@id":"https:\/\/kameryfun.sk\/#\/schema\/logo\/image\/"}}]}},"_links":{"self":[{"href":"https:\/\/d.r4.wbsprt.com\/kameryfun.sk\/wp-json\/wp\/v2\/pages\/1087"}],"collection":[{"href":"https:\/\/d.r4.wbsprt.com\/kameryfun.sk\/wp-json\/wp\/v2\/pages"}],"about":[{"href":"https:\/\/d.r4.wbsprt.com\/kameryfun.sk\/wp-json\/wp\/v2\/types\/page"}],"author":[{"embeddable":true,"href":"https:\/\/d.r4.wbsprt.com\/kameryfun.sk\/wp-json\/wp\/v2\/users\/1"}],"replies":[{"embeddable":true,"href":"https:\/\/d.r4.wbsprt.com\/kameryfun.sk\/wp-json\/wp\/v2\/comments?post=1087"}],"version-history":[{"count":5,"href":"https:\/\/d.r4.wbsprt.com\/kameryfun.sk\/wp-json\/wp\/v2\/pages\/1087\/revisions"}],"predecessor-version":[{"id":1119,"href":"https:\/\/d.r4.wbsprt.com\/kameryfun.sk\/wp-json\/wp\/v2\/pages\/1087\/revisions\/1119"}],"wp:attachment":[{"href":"https:\/\/d.r4.wbsprt.com\/kameryfun.sk\/wp-json\/wp\/v2\/media?parent=1087"}],"curies":[{"name":"wp","href":"https:\/\/api.w.org\/{rel}","templated":true}]}}