{"id":3183,"date":"2025-03-03T19:47:11","date_gmt":"2025-03-03T18:47:11","guid":{"rendered":"https:\/\/www.mojesebepoznani.cz\/kosik\/"},"modified":"2025-03-21T09:10:52","modified_gmt":"2025-03-21T08:10:52","slug":"kosik","status":"publish","type":"page","link":"https:\/\/d.r4.wbsprt.com\/mojesebepoznani.cz\/kosik\/","title":{"rendered":"Ko\u0161\u00edk"},"content":{"rendered":"\n<div data-block-name=\"woocommerce\/cart\" class=\"wp-block-woocommerce-cart alignwide is-loading\">\n<div data-block-name=\"woocommerce\/filled-cart-block\" class=\"wp-block-woocommerce-filled-cart-block\">\n<div data-block-name=\"woocommerce\/cart-items-block\" class=\"wp-block-woocommerce-cart-items-block\">\n<div data-block-name=\"woocommerce\/cart-line-items-block\" class=\"wp-block-woocommerce-cart-line-items-block\"><\/div>\n\n\n\n<div data-block-name=\"woocommerce\/cart-cross-sells-block\" class=\"wp-block-woocommerce-cart-cross-sells-block\">\n<h2 class=\"wp-block-heading has-large-font-size\">Mohlo by se Ti l\u00edbit\u2026<\/h2>\n\n\n\n<div data-block-name=\"woocommerce\/cart-cross-sells-products-block\" class=\"wp-block-woocommerce-cart-cross-sells-products-block\"><\/div>\n<\/div>\n<\/div>\n\n\n\n<div data-block-name=\"woocommerce\/cart-totals-block\" class=\"wp-block-woocommerce-cart-totals-block\">\n<div data-block-name=\"woocommerce\/cart-order-summary-block\" class=\"wp-block-woocommerce-cart-order-summary-block\">\n<div data-block-name=\"woocommerce\/cart-order-summary-heading-block\" class=\"wp-block-woocommerce-cart-order-summary-heading-block\"><\/div><div data-block-name=\"woocommerce\/cart-order-summary-coupon-form-block\" class=\"wp-block-woocommerce-cart-order-summary-coupon-form-block\"><\/div><div data-block-name=\"woocommerce\/cart-order-summary-totals-block\" class=\"wp-block-woocommerce-cart-order-summary-totals-block\">\n<div data-block-name=\"woocommerce\/cart-order-summary-subtotal-block\" class=\"wp-block-woocommerce-cart-order-summary-subtotal-block\"><\/div>\n<div data-block-name=\"woocommerce\/cart-order-summary-discount-block\" class=\"wp-block-woocommerce-cart-order-summary-discount-block\"><\/div>\n<div data-block-name=\"woocommerce\/cart-order-summary-fee-block\" class=\"wp-block-woocommerce-cart-order-summary-fee-block\"><\/div>\n<div data-block-name=\"woocommerce\/cart-order-summary-shipping-block\" class=\"wp-block-woocommerce-cart-order-summary-shipping-block\"><\/div>\n<div data-block-name=\"woocommerce\/cart-order-summary-taxes-block\" class=\"wp-block-woocommerce-cart-order-summary-taxes-block\"><\/div><\/div>\n<\/div>\n\n\n\n<div data-block-name=\"woocommerce\/cart-express-payment-block\" class=\"wp-block-woocommerce-cart-express-payment-block\"><\/div>\n\n\n\n<div data-block-name=\"woocommerce\/proceed-to-checkout-block\" class=\"wp-block-woocommerce-proceed-to-checkout-block\"><\/div>\n\n\n\n<div data-block-name=\"woocommerce\/cart-accepted-payment-methods-block\" class=\"wp-block-woocommerce-cart-accepted-payment-methods-block\"><\/div>\n<\/div>\n<\/div>\n\n\n\n<div data-block-name=\"woocommerce\/empty-cart-block\" class=\"wp-block-woocommerce-empty-cart-block\">\n<h2 class=\"wp-block-heading has-text-align-center with-empty-cart-icon wc-block-cart__empty-cart__title\">V\u00e1\u0161 ko\u0161\u00edk je aktu\u00e1ln\u011b pr\u00e1zdn\u00fd!<\/h2>\n\n\n\n<hr class=\"wp-block-separator has-alpha-channel-opacity is-style-dots\"\/>\n\n\n\n<h2 class=\"wp-block-heading has-text-align-center\">Novinka<\/h2>\n\n\n<div data-block-name=\"woocommerce\/product-new\" data-columns=\"4\" data-rows=\"1\" class=\"wc-block-grid wp-block-product-new wp-block-woocommerce-product-new wc-block-product-new has-4-columns\"><ul class=\"wc-block-grid__products\"><li class=\"wc-block-grid__product\">\n\t\t\t\t<a href=\"https:\/\/d.r4.wbsprt.com\/mojesebepoznani.cz\/produkt\/setkani-lecitelu-v-ceskem-raji\/\" class=\"wc-block-grid__product-link\">\n\t\t\t\t\t\n\t\t\t\t\t<div class=\"wc-block-grid__product-image\"><img loading=\"lazy\" loading=\"lazy\" decoding=\"async\" width=\"300\" height=\"300\" src=\"https:\/\/d.r4.wbsprt.com\/mojesebepoznani.cz\/wp-content\/uploads\/2026\/02\/Setkani-lecitelu-v-Ceskem-raji-300x300.jpg\" class=\"attachment-woocommerce_thumbnail size-woocommerce_thumbnail\" alt=\"Setk\u00e1n\u00ed l\u00e9\u010ditel\u016f v \u010cesk\u00e9m r\u00e1ji\" \/><\/div>\n\t\t\t\t\t<div class=\"wc-block-grid__product-title\">Setk\u00e1n\u00ed l\u00e9\u010ditel\u016f v \u010cesk\u00e9m r\u00e1ji<\/div>\n\t\t\t\t<\/a>\n\t\t\t\t<div class=\"wc-block-grid__product-price price\"><\/div>\n\t\t\t\t\n\t\t\t\t<div class=\"wp-block-button wc-block-grid__product-add-to-cart\"><a href=\"https:\/\/d.r4.wbsprt.com\/mojesebepoznani.cz\/produkt\/setkani-lecitelu-v-ceskem-raji\/\" aria-label=\"Zjistit v\u00edce o &bdquo;Setk\u00e1n\u00ed l\u00e9\u010ditel\u016f v \u010cesk\u00e9m r\u00e1ji&ldquo;\" data-quantity=\"1\" data-product_id=\"5537\" data-product_sku=\"\" data-price=\"0\" rel=\"nofollow\" class=\"wp-block-button__link  add_to_cart_button\">\u010ct\u011bte v\u00edce<\/a><\/div>\n\t\t\t<\/li><li class=\"wc-block-grid__product\">\n\t\t\t\t<a href=\"https:\/\/d.r4.wbsprt.com\/mojesebepoznani.cz\/produkt\/astrogenetika\/\" class=\"wc-block-grid__product-link\">\n\t\t\t\t\t\n\t\t\t\t\t<div class=\"wc-block-grid__product-image\"><img loading=\"lazy\" loading=\"lazy\" decoding=\"async\" width=\"300\" height=\"300\" src=\"https:\/\/d.r4.wbsprt.com\/mojesebepoznani.cz\/wp-content\/uploads\/2026\/02\/Stredecni-porady-2026-uzavira-prednaska-Ing.-Adolfa-Innemana-PhD.-venovana-tematu-astrogenetiky-a-souvislostem-mezi-kosmickymi-cykly-a-lidskym-zrozenim-300x300.jpg\" class=\"attachment-woocommerce_thumbnail size-woocommerce_thumbnail\" alt=\"St\u0159ede\u010dn\u00ed po\u0159ady 2026 uzav\u00edr\u00e1 p\u0159edn\u00e1\u0161ka Ing. Adolfa Innemana, PhD., v\u011bnovan\u00e1 t\u00e9matu astrogenetiky a souvislostem mezi kosmick\u00fdmi cykly a lidsk\u00fdm zrozen\u00edm.\" \/><\/div>\n\t\t\t\t\t<div class=\"wc-block-grid__product-title\">Astrogenetika<\/div>\n\t\t\t\t<\/a>\n\t\t\t\t<div class=\"wc-block-grid__product-price price\"><\/div>\n\t\t\t\t\n\t\t\t\t<div class=\"wp-block-button wc-block-grid__product-add-to-cart\"><a href=\"https:\/\/www.mojesebepoznani.cz\/mentor\/ing-adolf-inneman-ph-d\/\" aria-label=\"V\u00edce informac\u00ed o p\u0159edn\u00e1\u0161ej\u00edc\u00edm\" data-quantity=\"1\" data-product_id=\"5531\" data-product_sku=\"\" data-price=\"0\" rel=\"nofollow noopener\" class=\"wp-block-button__link  add_to_cart_button\" target=\"_blank\">V\u00edce informac\u00ed o p\u0159edn\u00e1\u0161ej\u00edc\u00edm<\/a><\/div>\n\t\t\t<\/li><li class=\"wc-block-grid__product\">\n\t\t\t\t<a href=\"https:\/\/d.r4.wbsprt.com\/mojesebepoznani.cz\/produkt\/galakticka-mise-a-kruhy-v-obili\/\" class=\"wc-block-grid__product-link\">\n\t\t\t\t\t\n\t\t\t\t\t<div class=\"wc-block-grid__product-image\"><img loading=\"lazy\" loading=\"lazy\" decoding=\"async\" width=\"300\" height=\"300\" src=\"https:\/\/d.r4.wbsprt.com\/mojesebepoznani.cz\/wp-content\/uploads\/2026\/02\/Prednaska-Ing.-Adolfa-Innemana-PhD.-zamerena-na-fenomen-kruhu-v-obili-jejich-symboliku-a-mozne-souvislosti-s-vedomim-a-kosmickymi-cykly-300x300.jpg\" class=\"attachment-woocommerce_thumbnail size-woocommerce_thumbnail\" alt=\"Galaktick\u00e1 mise a kruhy v obil\u00ed\" \/><\/div>\n\t\t\t\t\t<div class=\"wc-block-grid__product-title\">Galaktick\u00e1 mise a kruhy v obil\u00ed<\/div>\n\t\t\t\t<\/a>\n\t\t\t\t<div class=\"wc-block-grid__product-price price\"><\/div>\n\t\t\t\t\n\t\t\t\t<div class=\"wp-block-button wc-block-grid__product-add-to-cart\"><a href=\"https:\/\/www.mojesebepoznani.cz\/mentor\/ing-adolf-inneman-ph-d\/\" aria-label=\"V\u00edce informac\u00ed o p\u0159edn\u00e1\u0161ej\u00edc\u00edm\" data-quantity=\"1\" data-product_id=\"5529\" data-product_sku=\"\" data-price=\"0\" rel=\"nofollow noopener\" class=\"wp-block-button__link  add_to_cart_button\" target=\"_blank\">V\u00edce informac\u00ed o p\u0159edn\u00e1\u0161ej\u00edc\u00edm<\/a><\/div>\n\t\t\t<\/li><li class=\"wc-block-grid__product\">\n\t\t\t\t<a href=\"https:\/\/d.r4.wbsprt.com\/mojesebepoznani.cz\/produkt\/ajurveda-cesta-k-dlouhovekosti\/\" class=\"wc-block-grid__product-link\">\n\t\t\t\t\t\n\t\t\t\t\t<div class=\"wc-block-grid__product-image\"><img loading=\"lazy\" loading=\"lazy\" decoding=\"async\" width=\"300\" height=\"300\" src=\"https:\/\/d.r4.wbsprt.com\/mojesebepoznani.cz\/wp-content\/uploads\/2026\/02\/ChatGPT-Image-1.-2.-2026-21_47_37-300x300.jpg\" class=\"attachment-woocommerce_thumbnail size-woocommerce_thumbnail\" alt=\"P\u0159edn\u00e1\u0161ka Ing. Adolfa Innemana, PhD., o principech ajurv\u00e9dy, typologii \u010dlov\u011bka, p\u0159\u00edrodn\u00edch postupech a filozofii dlouh\u00e9ho a harmonick\u00e9ho \u017eivota.\" \/><\/div>\n\t\t\t\t\t<div class=\"wc-block-grid__product-title\">Ajurv\u00e9da \u2013 cesta k dlouhov\u011bkosti<\/div>\n\t\t\t\t<\/a>\n\t\t\t\t<div class=\"wc-block-grid__product-price price\"><\/div>\n\t\t\t\t\n\t\t\t\t<div class=\"wp-block-button wc-block-grid__product-add-to-cart\"><a href=\"https:\/\/www.mojesebepoznani.cz\/mentor\/ing-adolf-inneman-ph-d\/\" aria-label=\"V\u00edce informac\u00ed o p\u0159edn\u00e1\u0161ej\u00edc\u00edm\" data-quantity=\"1\" data-product_id=\"5520\" data-product_sku=\"\" data-price=\"0\" rel=\"nofollow noopener\" class=\"wp-block-button__link  add_to_cart_button\" target=\"_blank\">V\u00edce informac\u00ed o p\u0159edn\u00e1\u0161ej\u00edc\u00edm<\/a><\/div>\n\t\t\t<\/li><\/ul><\/div><\/div>\n<\/div>\n","protected":false},"excerpt":{"rendered":"","protected":false},"author":1,"featured_media":0,"parent":0,"menu_order":0,"comment_status":"closed","ping_status":"closed","template":"","meta":{"footnotes":""},"class_list":["post-3183","page","type-page","status-publish"],"_links":{"self":[{"href":"https:\/\/d.r4.wbsprt.com\/mojesebepoznani.cz\/wp-json\/wp\/v2\/pages\/3183","targetHints":{"allow":["GET"]}}],"collection":[{"href":"https:\/\/d.r4.wbsprt.com\/mojesebepoznani.cz\/wp-json\/wp\/v2\/pages"}],"about":[{"href":"https:\/\/d.r4.wbsprt.com\/mojesebepoznani.cz\/wp-json\/wp\/v2\/types\/page"}],"author":[{"embeddable":true,"href":"https:\/\/d.r4.wbsprt.com\/mojesebepoznani.cz\/wp-json\/wp\/v2\/users\/1"}],"replies":[{"embeddable":true,"href":"https:\/\/d.r4.wbsprt.com\/mojesebepoznani.cz\/wp-json\/wp\/v2\/comments?post=3183"}],"version-history":[{"count":0,"href":"https:\/\/d.r4.wbsprt.com\/mojesebepoznani.cz\/wp-json\/wp\/v2\/pages\/3183\/revisions"}],"wp:attachment":[{"href":"https:\/\/d.r4.wbsprt.com\/mojesebepoznani.cz\/wp-json\/wp\/v2\/media?parent=3183"}],"curies":[{"name":"wp","href":"https:\/\/api.w.org\/{rel}","templated":true}]}}