{"id":4031,"date":"2025-03-20T20:36:20","date_gmt":"2025-03-20T19:36:20","guid":{"rendered":"https:\/\/www.mojesebepoznani.cz\/?post_type=product&#038;p=4031"},"modified":"2025-12-26T16:22:20","modified_gmt":"2025-12-26T15:22:20","slug":"4031","status":"publish","type":"product","link":"https:\/\/d.r4.wbsprt.com\/mojesebepoznani.cz\/produkt\/4031\/","title":{"rendered":"N\u00e1\u0159ky star\u00e9ho oligarchy"},"content":{"rendered":"<p data-start=\"56\" data-end=\"453\"><strong><em data-start=\"56\" data-end=\"81\">N\u00e1\u0159ky star\u00e9ho oligarchy<\/em> <\/strong>je inteligentn\u00ed a s\u017e\u00edrav\u011b ironick\u00e1 kniha, kter\u00e1 nab\u00edz\u00ed jedine\u010dn\u00fd pohled do mysli mu\u017ee na vrcholu spole\u010densk\u00e9 hierarchie. Tento fascinuj\u00edc\u00ed p\u0159\u00edb\u011bh propojuje filozofick\u00e9 \u00favahy s humorem a satirou, \u010d\u00edm\u017e odhaluje absurditu sv\u011bta bohatstv\u00ed, moci a iluz\u00ed, kter\u00e9 prov\u00e1zej\u00ed lidsk\u00fd \u017eivot. Autor mistrovsky reflektuje ot\u00e1zky hodnot, mor\u00e1lky a smyslu \u017eivota v modern\u00ed spole\u010dnosti. Velikou origin\u00e1lnost\u00ed t\u00e9to knihy je jej\u00ed forma. Jedn\u00e1 se o pap\u00edrov\u00fd svitek sto\u010deny do role. Tedy knika je velmi zaj\u00edmav\u00fdm a nev\u0161edn\u00edm d\u00e1rekem<\/p>\n<p data-start=\"56\" data-end=\"453\">? <strong>\u017d\u00e1nr<\/strong>: Popul\u00e1rn\u011b-nau\u010dn\u00e1 literatura \/ Spole\u010densk\u00e1 satira<br \/>\n? <strong>Vydavatel<\/strong>: Bohemica Books<br \/>\n? <strong>Po\u010det stran<\/strong>: 1<br \/>\n? <strong>Rok vyd\u00e1n\u00ed<\/strong>: 2024<br \/>\n? <strong>Form\u00e1t<\/strong>: Kni\u017en\u00ed svitek<br \/>\n? <strong>Doporu\u010deno pro<\/strong>: \u010cten\u00e1\u0159e s oblibou v satirick\u00e9 literatu\u0159e, filozofick\u00e9 \u00favahy a inteligentn\u00ed humor<\/p>\n<p><iframe loading=\"lazy\" title=\"N\u00c1\u0158KY STAR\u00c9HO OLIGARCHY - kni\u017en\u00ed svitek\" width=\"1240\" height=\"698\" src=\"https:\/\/www.youtube.com\/embed\/it1E9kkn66s?feature=oembed\" frameborder=\"0\" allow=\"accelerometer; autoplay; clipboard-write; encrypted-media; gyroscope; picture-in-picture; web-share\" referrerpolicy=\"strict-origin-when-cross-origin\" allowfullscreen><\/iframe><\/p>\n<p data-start=\"751\" data-end=\"867\">? <strong data-start=\"754\" data-end=\"865\">Pro v\u0161echny, kdo cht\u011bj\u00ed nahl\u00e9dnout pod povrch sv\u011bta mocn\u00fdch a z\u00e1rove\u0148 se nechat pobavit skv\u011bl\u00fdm vypr\u00e1v\u011bn\u00edm.<\/strong><\/p>\n<p data-start=\"869\" data-end=\"968\" data-is-last-node=\"\" data-is-only-node=\"\">? <strong data-start=\"872\" data-end=\"968\" data-is-last-node=\"\">Objednejte nyn\u00ed na Sebepozn\u00e1n\u00ed.cz a pono\u0159te se do sv\u011bta bohatstv\u00ed, iluz\u00ed a ne\u010dekan\u00fdch pravd!<\/strong><\/p>\n","protected":false},"excerpt":{"rendered":"<p><em data-start=\"12\" data-end=\"37\">N\u00e1\u0159ky star\u00e9ho oligarchy<\/em> je origin\u00e1ln\u00ed a trefn\u00e1 reflexe sou\u010dasn\u00e9 spole\u010dnosti, kter\u00e1 s nadhledem a s\u017e\u00edravou ironi\u00ed nahl\u00ed\u017e\u00ed na sv\u011bt bohatstv\u00ed, moci a st\u00e1rnut\u00ed. Kniha p\u0159in\u00e1\u0161\u00ed jedine\u010dn\u00fd pohled do mysli mu\u017ee, jen\u017e se v pokro\u010dil\u00e9m v\u011bku ohl\u00ed\u017e\u00ed za sv\u00fdm \u017eivotem pln\u00fdm vlivu, pen\u011bz i iluz\u00ed. Autor s mistrovsk\u00fdm stylem propojuje filozofick\u00e9 \u00favahy s humorem, \u010d\u00edm\u017e vytv\u00e1\u0159\u00ed \u010dten\u00e1\u0159sky podmaniv\u00fd text, kter\u00fd v\u00e1s nejen pobav\u00ed, ale i p\u0159im\u011bje k zamy\u0161len\u00ed nad hodnotami modern\u00edho sv\u011bta.<\/p>\n","protected":false},"featured_media":4032,"comment_status":"open","ping_status":"closed","template":"","meta":[],"product_brand":[321],"product_cat":[320,381],"product_tag":[322,323],"class_list":{"0":"post-4031","1":"product","2":"type-product","3":"status-publish","4":"has-post-thumbnail","6":"product_brand-bohemica-books","7":"product_cat-knihy","8":"product_cat-bohemica-books","9":"product_tag-inspirace","10":"product_tag-zaimavy-darek","12":"first","13":"instock","14":"shipping-taxable","15":"product-type-external"},"_links":{"self":[{"href":"https:\/\/d.r4.wbsprt.com\/mojesebepoznani.cz\/wp-json\/wp\/v2\/product\/4031","targetHints":{"allow":["GET"]}}],"collection":[{"href":"https:\/\/d.r4.wbsprt.com\/mojesebepoznani.cz\/wp-json\/wp\/v2\/product"}],"about":[{"href":"https:\/\/d.r4.wbsprt.com\/mojesebepoznani.cz\/wp-json\/wp\/v2\/types\/product"}],"replies":[{"embeddable":true,"href":"https:\/\/d.r4.wbsprt.com\/mojesebepoznani.cz\/wp-json\/wp\/v2\/comments?post=4031"}],"wp:featuredmedia":[{"embeddable":true,"href":"https:\/\/d.r4.wbsprt.com\/mojesebepoznani.cz\/wp-json\/wp\/v2\/media\/4032"}],"wp:attachment":[{"href":"https:\/\/d.r4.wbsprt.com\/mojesebepoznani.cz\/wp-json\/wp\/v2\/media?parent=4031"}],"wp:term":[{"taxonomy":"product_brand","embeddable":true,"href":"https:\/\/d.r4.wbsprt.com\/mojesebepoznani.cz\/wp-json\/wp\/v2\/product_brand?post=4031"},{"taxonomy":"product_cat","embeddable":true,"href":"https:\/\/d.r4.wbsprt.com\/mojesebepoznani.cz\/wp-json\/wp\/v2\/product_cat?post=4031"},{"taxonomy":"product_tag","embeddable":true,"href":"https:\/\/d.r4.wbsprt.com\/mojesebepoznani.cz\/wp-json\/wp\/v2\/product_tag?post=4031"}],"curies":[{"name":"wp","href":"https:\/\/api.w.org\/{rel}","templated":true}]}}