{"id":5525,"date":"2026-01-01T22:19:53","date_gmt":"2026-01-01T21:19:53","guid":{"rendered":"https:\/\/www.mojesebepoznani.cz\/?post_type=product&#038;p=5525"},"modified":"2026-02-02T08:07:01","modified_gmt":"2026-02-02T07:07:01","slug":"velikonocni-pribeh-jezise-krista-a-mari-magdaleny","status":"publish","type":"product","link":"https:\/\/d.r4.wbsprt.com\/mojesebepoznani.cz\/produkt\/velikonocni-pribeh-jezise-krista-a-mari-magdaleny\/","title":{"rendered":"Velikono\u010dn\u00ed p\u0159\u00edb\u011bh Je\u017e\u00ed\u0161e Krista a M\u00e1\u0159\u00ed Magdaleny"},"content":{"rendered":"<p data-start=\"348\" data-end=\"561\">St\u0159ede\u010dn\u00ed po\u0159ady 2026 pokra\u010duj\u00ed v\u00fdjime\u010dn\u00fdm velikono\u010dn\u00edm ve\u010derem s Gabrielou Filippi a Ing. Adolfem Innemanem, PhD. Program nab\u00eddne hlub\u0161\u00ed pohled na duchovn\u00ed rozm\u011br velikono\u010dn\u00edho p\u0159\u00edb\u011bhu a jeho nad\u010dasov\u00e9 poselstv\u00ed.<\/p>\n<p data-start=\"563\" data-end=\"805\">Ve\u010der se zam\u011b\u0159\u00ed na symboliku vztahu Je\u017e\u00ed\u0161e Krista a M\u00e1\u0159\u00ed Magdaleny, t\u00e9ma ob\u011bti, prom\u011bny a vnit\u0159n\u00edho znovuzrozen\u00ed. \u00da\u010dastn\u00edci budou m\u00edt mo\u017enost nahl\u00e9dnout na tradi\u010dn\u00ed biblick\u00fd p\u0159\u00edb\u011bh z \u0161ir\u0161\u00ed perspektivy duchovn\u00ed interpretace a osobn\u00edho rozvoje.<\/p>\n<p data-start=\"807\" data-end=\"823\"><strong>Hlavn\u00ed okruhy t\u00e9mat:<\/strong><\/p>\n<ul>\n<li>duchovn\u00ed v\u00fdznam Velikonoc<\/li>\n<li>symbolika Je\u017e\u00ed\u0161e Krista a M\u00e1\u0159\u00ed Magdaleny<\/li>\n<li>t\u00e9ma ob\u011bti, l\u00e1sky a prom\u011bny<\/li>\n<li>aktu\u00e1ln\u00ed poselstv\u00ed pro sou\u010dasn\u00e9ho \u010dlov\u011bka<\/li>\n<\/ul>\n<p>&nbsp;<\/p>\n","protected":false},"excerpt":{"rendered":"<p data-start=\"186\" data-end=\"328\">Velikono\u010dn\u00ed program s Gabrielou Filippi a Ing. Adolfem Innemanem, PhD., zam\u011b\u0159en\u00fd na duchovn\u00ed poselstv\u00ed p\u0159\u00edb\u011bhu Je\u017e\u00ed\u0161e Krista a M\u00e1\u0159\u00ed Magdaleny.<\/p>\n<p data-start=\"330\" data-end=\"347\"><strong>Term\u00edn<\/strong>: 1. dubna 2026 od 19:00<br data-start=\"1008\" data-end=\"1011\" \/><strong>D\u00e9lka programu:<\/strong> cca 2\u20133 hodiny<br data-start=\"1041\" data-end=\"1044\" \/><strong>Vstupn\u00e9<\/strong>: 250 K\u010d<br data-start=\"1059\" data-end=\"1062\" \/><strong>M\u00edsto kon\u00e1n\u00ed:<\/strong> Galerie Cesty ke sv\u011btlu, Praha 4<\/p>\n<p data-start=\"330\" data-end=\"347\"><strong>Pokladna tel.:<\/strong>\u00a0272 950 557<br \/>\n<strong>Email:\u00a0<\/strong><a href=\"mailto:galerie@cestykesvetlu.cz\">galerie@cestykesvetlu.cz<\/a><\/p>\n<p data-start=\"330\" data-end=\"347\">\n","protected":false},"featured_media":5526,"comment_status":"open","ping_status":"closed","template":"","meta":[],"product_brand":[],"product_cat":[475],"product_tag":[476,479],"class_list":["post-5525","product","type-product","status-publish","has-post-thumbnail","product_cat-kalendar-akci-a-setkani","product_tag-ing-adolf-inneman","product_tag-prednaska-praha","first","instock","shipping-taxable","product-type-external"],"_links":{"self":[{"href":"https:\/\/d.r4.wbsprt.com\/mojesebepoznani.cz\/wp-json\/wp\/v2\/product\/5525","targetHints":{"allow":["GET"]}}],"collection":[{"href":"https:\/\/d.r4.wbsprt.com\/mojesebepoznani.cz\/wp-json\/wp\/v2\/product"}],"about":[{"href":"https:\/\/d.r4.wbsprt.com\/mojesebepoznani.cz\/wp-json\/wp\/v2\/types\/product"}],"replies":[{"embeddable":true,"href":"https:\/\/d.r4.wbsprt.com\/mojesebepoznani.cz\/wp-json\/wp\/v2\/comments?post=5525"}],"wp:featuredmedia":[{"embeddable":true,"href":"https:\/\/d.r4.wbsprt.com\/mojesebepoznani.cz\/wp-json\/wp\/v2\/media\/5526"}],"wp:attachment":[{"href":"https:\/\/d.r4.wbsprt.com\/mojesebepoznani.cz\/wp-json\/wp\/v2\/media?parent=5525"}],"wp:term":[{"taxonomy":"product_brand","embeddable":true,"href":"https:\/\/d.r4.wbsprt.com\/mojesebepoznani.cz\/wp-json\/wp\/v2\/product_brand?post=5525"},{"taxonomy":"product_cat","embeddable":true,"href":"https:\/\/d.r4.wbsprt.com\/mojesebepoznani.cz\/wp-json\/wp\/v2\/product_cat?post=5525"},{"taxonomy":"product_tag","embeddable":true,"href":"https:\/\/d.r4.wbsprt.com\/mojesebepoznani.cz\/wp-json\/wp\/v2\/product_tag?post=5525"}],"curies":[{"name":"wp","href":"https:\/\/api.w.org\/{rel}","templated":true}]}}

Velikonoční příběh Ježíše Krista a Máří Magdaleny

<p data-start="348" data-end="561">Středeční pořady 2026 pokračují výjimečným velikonočním večerem s Gabrielou Filippi a Ing. Adolfem Innemanem, PhD. Program nabídne hlubší pohled na duchovní rozměr velikonočního příběhu a jeho nadčasové poselství.</p>
<p data-start="563" data-end="805">Večer se zaměří na symboliku vztahu Ježíše Krista a Máří Magdaleny, téma oběti, proměny a vnitřního znovuzrození. Účastníci budou mít možnost nahlédnout na tradiční biblický příběh z širší perspektivy duchovní interpretace a osobního rozvoje.</p>
<p data-start="807" data-end="823"><strong>Hlavní okruhy témat:</strong></p>
<ul>
<li>duchovní význam Velikonoc</li>
<li>symbolika Ježíše Krista a Máří Magdaleny</li>
<li>téma oběti, lásky a proměny</li>
<li>aktuální poselství pro současného člověka</li>
</ul>
<p>&nbsp;</p>

<p data-start="186" data-end="328">Velikonoční program s Gabrielou Filippi a Ing. Adolfem Innemanem, PhD., zaměřený na duchovní poselství příběhu Ježíše Krista a Máří Magdaleny.</p>
<p data-start="330" data-end="347"><strong>Termín</strong>: 1. dubna 2026 od 19:00<br data-start="1008" data-end="1011" /><strong>Délka programu:</strong> cca 2–3 hodiny<br data-start="1041" data-end="1044" /><strong>Vstupné</strong>: 250 Kč<br data-start="1059" data-end="1062" /><strong>Místo konání:</strong> Galerie Cesty ke světlu, Praha 4</p>
<p data-start="330" data-end="347"><strong>Pokladna tel.:</strong> 272 950 557<br />
<strong>Email: </strong><a href="mailto:galerie@cestykesvetlu.cz">galerie@cestykesvetlu.cz</a></p>
<p data-start="330" data-end="347">
