{"id":5531,"date":"2026-02-02T08:26:21","date_gmt":"2026-02-02T07:26:21","guid":{"rendered":"https:\/\/www.mojesebepoznani.cz\/?post_type=product&#038;p=5531"},"modified":"2026-02-02T08:26:22","modified_gmt":"2026-02-02T07:26:22","slug":"astrogenetika","status":"publish","type":"product","link":"https:\/\/d.r4.wbsprt.com\/mojesebepoznani.cz\/produkt\/astrogenetika\/","title":{"rendered":"Astrogenetika"},"content":{"rendered":"<p data-start=\"348\" data-end=\"502\">St\u0159ede\u010dn\u00ed po\u0159ady 2026 uzav\u00edr\u00e1 p\u0159edn\u00e1\u0161ka Ing. Adolfa Innemana, PhD., v\u011bnovan\u00e1 t\u00e9matu astrogenetiky a souvislostem mezi kosmick\u00fdmi cykly a lidsk\u00fdm zrozen\u00edm.<\/p>\n<p data-start=\"504\" data-end=\"776\">Astrogenetika vych\u00e1z\u00ed z poznatk\u016f o vlivu lun\u00e1rn\u00edch rytm\u016f a astrologick\u00fdch z\u00e1konitost\u00ed na plodnost a po\u010det\u00ed. Ve\u010der p\u0159edstav\u00ed principy plodn\u00fdch a neplodn\u00fdch dn\u016f podle metody E. Jon\u00e1\u0161e a zam\u011b\u0159\u00ed se na \u0161ir\u0161\u00ed v\u00fdznam lun\u00e1rn\u00edch znamen\u00ed v kontextu rodiny, vztah\u016f a osobn\u00edho v\u00fdvoje.<\/p>\n<p data-start=\"778\" data-end=\"794\"><strong>Hlavn\u00ed okruhy:<\/strong><\/p>\n<ul>\n<li>z\u00e1kladn\u00ed principy astrogenetiky<\/li>\n<li>plodn\u00e9 a neplodn\u00e9 dny podle E. Jon\u00e1\u0161e<\/li>\n<li>v\u00fdznam lun\u00e1rn\u00edch znamen\u00ed<\/li>\n<li>souvislosti mezi po\u010det\u00edm a \u017eivotn\u00ed cestou<\/li>\n<\/ul>\n<p>Vstupenky si objedn\u00e1vejte:<\/p>\n<p><strong>Pokladna tel.:<\/strong>\u00a0272 950 557<br \/>\n<strong>Email:\u00a0<\/strong><a href=\"mailto:galerie@cestykesvetlu.cz\">galerie@cestykesvetlu.cz<\/a><\/p>\n","protected":false},"excerpt":{"rendered":"<p data-start=\"174\" data-end=\"328\">P\u0159edn\u00e1\u0161ka Ing. Adolfa Innemana, PhD., o plodn\u00fdch a neplodn\u00fdch dnech podle E. Jon\u00e1\u0161e a v\u00fdznamu lun\u00e1rn\u00edch znamen\u00ed v souvislosti s po\u010det\u00edm a \u017eivotn\u00edmi cykly.<\/p>\n<p data-start=\"330\" data-end=\"347\"><strong>Term\u00edn<\/strong>: 10. \u010dervna 2026 od 19:00<br data-start=\"981\" data-end=\"984\" \/><strong>D\u00e9lka programu<\/strong>: cca 2\u20133 hodiny<br data-start=\"1014\" data-end=\"1017\" \/><strong>Vstupn\u00e9<\/strong>: 250 K\u010d<br data-start=\"1032\" data-end=\"1035\" \/><strong>M\u00edsto kon\u00e1n\u00ed<\/strong>: Galerie Cesty ke sv\u011btlu, Praha 4<\/p>\n<p><strong>Pokladna tel.:<\/strong>\u00a0272 950 557<br \/>\n<strong>Email:\u00a0<\/strong><a href=\"mailto:galerie@cestykesvetlu.cz\">galerie@cestykesvetlu.cz<\/a><\/p>\n<p>&nbsp;<\/p>\n","protected":false},"featured_media":5532,"comment_status":"open","ping_status":"closed","template":"","meta":[],"product_brand":[],"product_cat":[475],"product_tag":[476,479],"class_list":{"0":"post-5531","1":"product","2":"type-product","3":"status-publish","4":"has-post-thumbnail","6":"product_cat-kalendar-akci-a-setkani","7":"product_tag-ing-adolf-inneman","8":"product_tag-prednaska-praha","10":"first","11":"instock","12":"shipping-taxable","13":"product-type-external"},"_links":{"self":[{"href":"https:\/\/d.r4.wbsprt.com\/mojesebepoznani.cz\/wp-json\/wp\/v2\/product\/5531","targetHints":{"allow":["GET"]}}],"collection":[{"href":"https:\/\/d.r4.wbsprt.com\/mojesebepoznani.cz\/wp-json\/wp\/v2\/product"}],"about":[{"href":"https:\/\/d.r4.wbsprt.com\/mojesebepoznani.cz\/wp-json\/wp\/v2\/types\/product"}],"replies":[{"embeddable":true,"href":"https:\/\/d.r4.wbsprt.com\/mojesebepoznani.cz\/wp-json\/wp\/v2\/comments?post=5531"}],"wp:featuredmedia":[{"embeddable":true,"href":"https:\/\/d.r4.wbsprt.com\/mojesebepoznani.cz\/wp-json\/wp\/v2\/media\/5532"}],"wp:attachment":[{"href":"https:\/\/d.r4.wbsprt.com\/mojesebepoznani.cz\/wp-json\/wp\/v2\/media?parent=5531"}],"wp:term":[{"taxonomy":"product_brand","embeddable":true,"href":"https:\/\/d.r4.wbsprt.com\/mojesebepoznani.cz\/wp-json\/wp\/v2\/product_brand?post=5531"},{"taxonomy":"product_cat","embeddable":true,"href":"https:\/\/d.r4.wbsprt.com\/mojesebepoznani.cz\/wp-json\/wp\/v2\/product_cat?post=5531"},{"taxonomy":"product_tag","embeddable":true,"href":"https:\/\/d.r4.wbsprt.com\/mojesebepoznani.cz\/wp-json\/wp\/v2\/product_tag?post=5531"}],"curies":[{"name":"wp","href":"https:\/\/api.w.org\/{rel}","templated":true}]}}