{"id":112,"date":"2017-10-20T12:19:56","date_gmt":"2017-10-20T12:19:56","guid":{"rendered":"http:\/\/mpo.sk\/?page_id=112"},"modified":"2026-02-12T07:29:47","modified_gmt":"2026-02-12T06:29:47","slug":"kontakt","status":"publish","type":"page","link":"https:\/\/d.r4.wbsprt.com\/mpo.sk\/kontakt\/","title":{"rendered":"Kontakt"},"content":{"rendered":"<section class=\"wpb-content-wrapper\"><p>[vc_row][vc_column icons_position=&#8220;left&#8220;]<div id=\"sc_icons_165617350\" \n\tclass=\"sc_icons sc_icons_default sc_icons_size_small sc_align_center contacts\"><div class=\"sc_icons_columns_wrap sc_item_columns trx_addons_columns_wrap columns_padding_bottom\"><div class=\"trx_addons_column-1_6\"><div class=\"sc_icons_item\"><div class=\"icon_block\"><span class=\"icon-untitled-1\"><\/span><div id=\"sc_icons_165617350_icon-004-arrows\" class=\"sc_icons_icon sc_icon_type_ icon-004-arrows\"\n\t\t\t\t\t\t\t\t\t\t\t\t><span class=\"sc_icon_type_ icon-004-arrows\"><\/span><\/div><span class=\"icon-untitled-2\"><\/span><\/div><h4 class=\"sc_icons_item_title\"><span>Adresa m\u00fazea<\/span><\/h4><div class=\"sc_icons_item_description\"><span>Fyzick\u00e1 adresa m\u00fazea:<\/span><span>Bratislava<\/span><span>Viedensk\u00e1 cesta - parkovisko<\/span><span>smer hrani\u010dn\u00fd prechod Berg.<\/span><span>(Vi\u010f. mapa ni\u017e\u0161ie)<\/span><\/div><\/div><\/div><div class=\"trx_addons_column-1_6\"><div class=\"sc_icons_item\"><div class=\"icon_block\"><span class=\"icon-untitled-1\"><\/span><div id=\"sc_icons_165617350_icon-003-portable-radio\" class=\"sc_icons_icon sc_icon_type_ icon-003-portable-radio\"\n\t\t\t\t\t\t\t\t\t\t\t\t><span class=\"sc_icon_type_ icon-003-portable-radio\"><\/span><\/div><span class=\"icon-untitled-2\"><\/span><\/div><h4 class=\"sc_icons_item_title\"><span>Kore\u0161ponden\u010dn\u00e1 adresa<\/span><\/h4><div class=\"sc_icons_item_description\"><span>M\u00fazeum petr\u017ealsk\u00e9ho opevnenia<\/span><span>Belinsk\u00e9ho 7<\/span><span>851 01 Bratislava<\/span><span>Slovensk\u00e1 republika<\/span><span><\/span><span>I\u010cO: 42255937<\/span><\/div><\/div><\/div><div class=\"trx_addons_column-1_6\"><div class=\"sc_icons_item sc_icons_item_linked\"><div class=\"icon_block\"><span class=\"icon-untitled-1\"><\/span><div id=\"sc_icons_165617350_icon-002-internet\" class=\"sc_icons_icon sc_icon_type_ icon-002-internet\"\n\t\t\t\t\t\t\t\t\t\t\t\t><span class=\"sc_icon_type_ icon-002-internet\"><\/span><\/div><span class=\"icon-untitled-2\"><\/span><\/div><h4 class=\"sc_icons_item_title\"><span>Kontaktn\u00e9 \u00fadaje<\/span><\/h4><div class=\"sc_icons_item_description\"><span>\u0160tatut\u00e1r: Martin Kubala<\/span><span>Tel. \u010d.: +421 904 972 254<\/span><span>E-mail: mpo@mpo.sk<\/span><\/div><a href=\"mailto:info@yoursite.com\" class=\"sc_icons_item_link\"><\/a><\/div><\/div><div class=\"trx_addons_column-1_6\"><div class=\"sc_icons_item\"><div class=\"icon_block\"><span class=\"icon-untitled-1\"><\/span><div id=\"sc_icons_165617350_icon-001-circular-clock-1\" class=\"sc_icons_icon sc_icon_type_ icon-001-circular-clock-1\"\n\t\t\t\t\t\t\t\t\t\t\t\t><span class=\"sc_icon_type_ icon-001-circular-clock-1\"><\/span><\/div><span class=\"icon-untitled-2\"><\/span><\/div><h4 class=\"sc_icons_item_title\"><span>Prehliadky<\/span><\/h4><div class=\"sc_icons_item_description\"><span>Sez\u00f3na: APR\u00cdL - OKT\u00d3BER <\/span><span>Sobota 10:00; 11:00; 12:00; 13:00; 14:00; 15:00; 16:00; 17:00 hod.<\/span><span><\/span><span>NOVEMBER - MAREC<\/span><span>Sobota 13:00; 14:00 hod.<\/span><\/div><\/div><\/div><div class=\"trx_addons_column-1_6\"><div class=\"sc_icons_item\"><div class=\"icon_block\"><span class=\"icon-untitled-1\"><\/span><div id=\"sc_icons_165617350_icon-001-circular-clock-1\" class=\"sc_icons_icon sc_icon_type_ icon-001-circular-clock-1\"\n\t\t\t\t\t\t\t\t\t\t\t\t><span class=\"sc_icon_type_ icon-001-circular-clock-1\"><\/span><\/div><span class=\"icon-untitled-2\"><\/span><\/div><h4 class=\"sc_icons_item_title\"><span>Vstupn\u00e9<\/span><\/h4><div class=\"sc_icons_item_description\"><span>Dospel\u00fd: 9,00 \u20ac<\/span><span>Die\u0165a (do 14 r.): 5,00 \u20ac<\/span><span>Rodinn\u00e9 (2 dospel\u00ed + 1 die\u0165a) : 20,00 \u20ac<\/span><\/div><\/div><\/div><div class=\"trx_addons_column-1_6\"><div class=\"sc_icons_item\"><div class=\"icon_block\"><span class=\"icon-untitled-1\"><\/span><div id=\"sc_icons_165617350_icon-book-open\" class=\"sc_icons_icon sc_icon_type_ icon-book-open\"\n\t\t\t\t\t\t\t\t\t\t\t\t><span class=\"sc_icon_type_ icon-book-open\"><\/span><\/div><span class=\"icon-untitled-2\"><\/span><\/div><h4 class=\"sc_icons_item_title\"><span>Bankov\u00e9 spojenie<\/span><\/h4><div class=\"sc_icons_item_description\"><span>Prima banka<\/span><span>SWIFT k\u00f3d: LUBASKBX<\/span><span>\u010c. \u00fa\u010dtu: 4150034618\/3100<\/span><span>IBAN: SK6931000000004150034618<\/span><\/div><\/div><\/div><\/div><\/div><!-- \/.sc_icons -->[vc_empty_space alter_height=&#8220;large&#8220; hide_on_desktop=&#8220;&#8220; hide_on_notebook=&#8220;&#8220; hide_on_tablet=&#8220;&#8220; hide_on_mobile=&#8220;&#8220; css=&#8220;.vc_custom_1517905401548{margin-bottom: -0.3rem !important;}&#8220;][\/vc_column][\/vc_row][vc_row equal_height=&#8220;yes&#8220; content_placement=&#8220;middle&#8220; scheme=&#8220;dark&#8220; hide_bg_image_on_tablet=&#8220;&#8220; hide_bg_image_on_mobile=&#8220;&#8220; row_delimiter=&#8220;&#8220; hide_on_desktop=&#8220;&#8220; hide_on_notebook=&#8220;&#8220; hide_on_tablet=&#8220;&#8220; hide_on_mobile=&#8220;&#8220; hide_on_frontpage=&#8220;&#8220; css=&#8220;.vc_custom_1517908464175{margin-right: 0px !important;margin-left: 0px !important;background-color: #e5a40f !important;}&#8220;][vc_column width=&#8220;1\/2&#8243; hide_bg_image_on_tablet=&#8220;&#8220; hide_bg_image_on_mobile=&#8220;&#8220; icons_position=&#8220;left&#8220; css=&#8220;.vc_custom_1517905832483{padding-right: 0px !important;padding-left: 0px !important;}&#8220;]<div id=\"sc_googlemap_1530239879_wrap\" class=\"sc_googlemap_wrap\"><div id=\"sc_googlemap_1530239879\"\n\t\t\tclass=\"sc_googlemap sc_googlemap_default\"\n\t\t\t style=\"width:100%;height:702px;\"\t\t\tdata-zoom=\"10\"\n\t\t\tdata-style=\"dark\"\n\t\t\tdata-cluster-icon=\"\"\n\n\t\t\t><iframe\n\t\t\t\t\tsrc=\"https:\/\/maps.google.com\/maps?t=m&output=embed&iwloc=near&z=10&q=48.127553,17.071956\"\n\t\t\t\t\tscrolling=\"no\"\n\t\t\t\t\tmarginheight=\"0\"\n\t\t\t\t\tmarginwidth=\"0\"\n\t\t\t\t\tframeborder=\"0\"\n\t\t\t\t\taria-label=\"\"><\/iframe><\/div><\/div><!-- \/.sc_googlemap_wrap -->[\/vc_column][vc_column width=&#8220;1\/2&#8243; hide_bg_image_on_tablet=&#8220;&#8220; hide_bg_image_on_mobile=&#8220;&#8220; icons_position=&#8220;left&#8220; css=&#8220;.vc_custom_1517906140582{padding-right: 4.8rem !important;padding-left: 4.9rem !important;}&#8220;][vc_empty_space hide_on_desktop=&#8220;&#8220; hide_on_notebook=&#8220;&#8220; hide_on_tablet=&#8220;&#8220; hide_on_mobile=&#8220;&#8220;]<div id=\"sc_title_424856451\"\n\t\tclass=\"sc_title color_style_default sc_title_default\"><h3 class=\"sc_item_title sc_title_title sc_align_left sc_item_title_style_default\">M\u00fazeum je pr\u00edstupn\u00e9 z parkoviska pred hrani\u010dn\u00fdm priechodom BERG, odkia\u013e sa ku n\u00e1m dostanete pe\u0161o (cca 500 m), alebo cyklotrasou priamo z historick\u00e9ho centra mesta (cca 2.5 km).<\/h3><\/div><!-- \/.sc_title -->[vc_empty_space hide_on_desktop=&#8220;&#8220; hide_on_notebook=&#8220;&#8220; hide_on_tablet=&#8220;&#8220; hide_on_mobile=&#8220;&#8220; css=&#8220;.vc_custom_1517909666811{margin-bottom: 1.3rem !important;}&#8220;][vc_empty_space hide_on_desktop=&#8220;&#8220; hide_on_notebook=&#8220;&#8220; hide_on_tablet=&#8220;&#8220; hide_on_mobile=&#8220;&#8220; css=&#8220;.vc_custom_1517905720137{margin-top: 0rem !important;}&#8220;][\/vc_column][\/vc_row]<\/p>\n<\/section>","protected":false},"excerpt":{"rendered":"<p>[vc_row][vc_column icons_position=&#8220;left&#8220;][vc_empty_space alter_height=&#8220;large&#8220; hide_on_desktop=&#8220;&#8220; hide_on_notebook=&#8220;&#8220; hide_on_tablet=&#8220;&#8220; hide_on_mobile=&#8220;&#8220; css=&#8220;.vc_custom_1517905401548{margin-bottom: -0.3rem !important;}&#8220;][\/vc_column][\/vc_row][vc_row equal_height=&#8220;yes&#8220; content_placement=&#8220;middle&#8220; scheme=&#8220;dark&#8220; hide_bg_image_on_tablet=&#8220;&#8220; hide_bg_image_on_mobile=&#8220;&#8220; row_delimiter=&#8220;&#8220; hide_on_desktop=&#8220;&#8220; hide_on_notebook=&#8220;&#8220; hide_on_tablet=&#8220;&#8220; hide_on_mobile=&#8220;&#8220; hide_on_frontpage=&#8220;&#8220; css=&#8220;.vc_custom_1517908464175{margin-right: 0px !important;margin-left: 0px !important;background-color: #e5a40f !important;}&#8220;][vc_column width=&#8220;1\/2&#8243; hide_bg_image_on_tablet=&#8220;&#8220; hide_bg_image_on_mobile=&#8220;&#8220; icons_position=&#8220;left&#8220; css=&#8220;.vc_custom_1517905832483{padding-right: 0px !important;padding-left: 0px !important;}&#8220;][\/vc_column][vc_column width=&#8220;1\/2&#8243; hide_bg_image_on_tablet=&#8220;&#8220; hide_bg_image_on_mobile=&#8220;&#8220; icons_position=&#8220;left&#8220; css=&#8220;.vc_custom_1517906140582{padding-right: 4.8rem !important;padding-left: 4.9rem !important;}&#8220;][vc_empty_space hide_on_desktop=&#8220;&#8220; hide_on_notebook=&#8220;&#8220; hide_on_tablet=&#8220;&#8220; hide_on_mobile=&#8220;&#8220;][vc_empty_space hide_on_desktop=&#8220;&#8220; hide_on_notebook=&#8220;&#8220; hide_on_tablet=&#8220;&#8220; hide_on_mobile=&#8220;&#8220; css=&#8220;.vc_custom_1517909666811{margin-bottom: 1.3rem !important;}&#8220;][vc_empty_space hide_on_desktop=&#8220;&#8220; hide_on_notebook=&#8220;&#8220; hide_on_tablet=&#8220;&#8220;&hellip;<\/p>\n","protected":false},"author":1,"featured_media":0,"parent":0,"menu_order":0,"comment_status":"closed","ping_status":"closed","template":"","meta":{"_mi_skip_tracking":false,"_monsterinsights_sitenote_active":false,"_monsterinsights_sitenote_note":"","_monsterinsights_sitenote_category":0,"footnotes":""},"yoast_head":"<!-- This site is optimized with the Yoast SEO plugin v23.5 - https:\/\/yoast.com\/wordpress\/plugins\/seo\/ -->\n<title>Kontakt - M\u00fazeum petr\u017ealsk\u00e9ho opevnenia<\/title>\n<meta name=\"robots\" content=\"index, follow, max-snippet:-1, max-image-preview:large, max-video-preview:-1\" \/>\n<link rel=\"canonical\" href=\"https:\/\/mpo.sk\/kontakt\/\" \/>\n<meta property=\"og:locale\" content=\"sk_SK\" \/>\n<meta property=\"og:type\" content=\"article\" \/>\n<meta property=\"og:title\" content=\"Kontakt - M\u00fazeum petr\u017ealsk\u00e9ho opevnenia\" \/>\n<meta property=\"og:description\" content=\"[vc_row][vc_column icons_position=&#8220;left&#8220;][vc_empty_space alter_height=&#8220;large&#8220; hide_on_desktop=&#8220;&#8220; hide_on_notebook=&#8220;&#8220; hide_on_tablet=&#8220;&#8220; hide_on_mobile=&#8220;&#8220; css=&#8220;.vc_custom_1517905401548{margin-bottom: -0.3rem !important;}&#8220;][\/vc_column][\/vc_row][vc_row equal_height=&#8220;yes&#8220; content_placement=&#8220;middle&#8220; scheme=&#8220;dark&#8220; hide_bg_image_on_tablet=&#8220;&#8220; hide_bg_image_on_mobile=&#8220;&#8220; row_delimiter=&#8220;&#8220; hide_on_desktop=&#8220;&#8220; hide_on_notebook=&#8220;&#8220; hide_on_tablet=&#8220;&#8220; hide_on_mobile=&#8220;&#8220; hide_on_frontpage=&#8220;&#8220; css=&#8220;.vc_custom_1517908464175{margin-right: 0px !important;margin-left: 0px !important;background-color: #e5a40f !important;}&#8220;][vc_column width=&#8220;1\/2&#8243; hide_bg_image_on_tablet=&#8220;&#8220; hide_bg_image_on_mobile=&#8220;&#8220; icons_position=&#8220;left&#8220; css=&#8220;.vc_custom_1517905832483{padding-right: 0px !important;padding-left: 0px !important;}&#8220;][\/vc_column][vc_column width=&#8220;1\/2&#8243; hide_bg_image_on_tablet=&#8220;&#8220; hide_bg_image_on_mobile=&#8220;&#8220; icons_position=&#8220;left&#8220; css=&#8220;.vc_custom_1517906140582{padding-right: 4.8rem !important;padding-left: 4.9rem !important;}&#8220;][vc_empty_space hide_on_desktop=&#8220;&#8220; hide_on_notebook=&#8220;&#8220; hide_on_tablet=&#8220;&#8220; hide_on_mobile=&#8220;&#8220;][vc_empty_space hide_on_desktop=&#8220;&#8220; hide_on_notebook=&#8220;&#8220; hide_on_tablet=&#8220;&#8220; hide_on_mobile=&#8220;&#8220; css=&#8220;.vc_custom_1517909666811{margin-bottom: 1.3rem !important;}&#8220;][vc_empty_space hide_on_desktop=&#8220;&#8220; hide_on_notebook=&#8220;&#8220; hide_on_tablet=&#8220;&#8220;&hellip;\" \/>\n<meta property=\"og:url\" content=\"https:\/\/mpo.sk\/kontakt\/\" \/>\n<meta property=\"og:site_name\" content=\"M\u00fazeum petr\u017ealsk\u00e9ho opevnenia\" \/>\n<meta property=\"article:publisher\" content=\"https:\/\/www.facebook.com\/bunkerbs4\" \/>\n<meta property=\"article:modified_time\" content=\"2026-02-12T06:29:47+00:00\" \/>\n<meta name=\"twitter:card\" content=\"summary_large_image\" \/>\n<meta name=\"twitter:label1\" content=\"Predpokladan\u00fd \u010das \u010d\u00edtania\" \/>\n\t<meta name=\"twitter:data1\" content=\"1 min\u00fata\" \/>\n<script type=\"application\/ld+json\" class=\"yoast-schema-graph\">{\"@context\":\"https:\/\/schema.org\",\"@graph\":[{\"@type\":\"WebPage\",\"@id\":\"https:\/\/mpo.sk\/kontakt\/\",\"url\":\"https:\/\/mpo.sk\/kontakt\/\",\"name\":\"Kontakt - M\u00fazeum petr\u017ealsk\u00e9ho opevnenia\",\"isPartOf\":{\"@id\":\"https:\/\/mpo.sk\/#website\"},\"datePublished\":\"2017-10-20T12:19:56+00:00\",\"dateModified\":\"2026-02-12T06:29:47+00:00\",\"breadcrumb\":{\"@id\":\"https:\/\/mpo.sk\/kontakt\/#breadcrumb\"},\"inLanguage\":\"sk-SK\",\"potentialAction\":[{\"@type\":\"ReadAction\",\"target\":[\"https:\/\/mpo.sk\/kontakt\/\"]}]},{\"@type\":\"BreadcrumbList\",\"@id\":\"https:\/\/mpo.sk\/kontakt\/#breadcrumb\",\"itemListElement\":[{\"@type\":\"ListItem\",\"position\":1,\"name\":\"Home\",\"item\":\"https:\/\/mpo.sk\/\"},{\"@type\":\"ListItem\",\"position\":2,\"name\":\"Kontakt\"}]},{\"@type\":\"WebSite\",\"@id\":\"https:\/\/mpo.sk\/#website\",\"url\":\"https:\/\/mpo.sk\/\",\"name\":\"M\u00fazeum petr\u017ealsk\u00e9ho opevnenia\",\"description\":\"\u017div\u00e1 hist\u00f3ria v meste Bratislava\",\"publisher\":{\"@id\":\"https:\/\/mpo.sk\/#organization\"},\"potentialAction\":[{\"@type\":\"SearchAction\",\"target\":{\"@type\":\"EntryPoint\",\"urlTemplate\":\"https:\/\/mpo.sk\/?s={search_term_string}\"},\"query-input\":{\"@type\":\"PropertyValueSpecification\",\"valueRequired\":true,\"valueName\":\"search_term_string\"}}],\"inLanguage\":\"sk-SK\"},{\"@type\":\"Organization\",\"@id\":\"https:\/\/mpo.sk\/#organization\",\"name\":\"M\u00fazeum petr\u017ealsk\u00e9ho opevnenia (OZ)\",\"url\":\"https:\/\/mpo.sk\/\",\"logo\":{\"@type\":\"ImageObject\",\"inLanguage\":\"sk-SK\",\"@id\":\"https:\/\/mpo.sk\/#\/schema\/logo\/image\/\",\"url\":\"http:\/\/d.r4.wbsprt.com\/mpo.sk\/wp-content\/uploads\/2023\/09\/Logo-MPO-2017_upravene_OK_pre2023.png\",\"contentUrl\":\"http:\/\/d.r4.wbsprt.com\/mpo.sk\/wp-content\/uploads\/2023\/09\/Logo-MPO-2017_upravene_OK_pre2023.png\",\"width\":1872,\"height\":1860,\"caption\":\"M\u00fazeum petr\u017ealsk\u00e9ho opevnenia (OZ)\"},\"image\":{\"@id\":\"https:\/\/mpo.sk\/#\/schema\/logo\/image\/\"},\"sameAs\":[\"https:\/\/www.facebook.com\/bunkerbs4\",\"https:\/\/www.instagram.com\/muzeumpetrzalskehoopevnenia\/\"]}]}<\/script>\n<!-- \/ Yoast SEO plugin. -->","yoast_head_json":{"title":"Kontakt - M\u00fazeum petr\u017ealsk\u00e9ho opevnenia","robots":{"index":"index","follow":"follow","max-snippet":"max-snippet:-1","max-image-preview":"max-image-preview:large","max-video-preview":"max-video-preview:-1"},"canonical":"https:\/\/mpo.sk\/kontakt\/","og_locale":"sk_SK","og_type":"article","og_title":"Kontakt - M\u00fazeum petr\u017ealsk\u00e9ho opevnenia","og_description":"[vc_row][vc_column icons_position=&#8220;left&#8220;][vc_empty_space alter_height=&#8220;large&#8220; hide_on_desktop=&#8220;&#8220; hide_on_notebook=&#8220;&#8220; hide_on_tablet=&#8220;&#8220; hide_on_mobile=&#8220;&#8220; css=&#8220;.vc_custom_1517905401548{margin-bottom: -0.3rem !important;}&#8220;][\/vc_column][\/vc_row][vc_row equal_height=&#8220;yes&#8220; content_placement=&#8220;middle&#8220; scheme=&#8220;dark&#8220; hide_bg_image_on_tablet=&#8220;&#8220; hide_bg_image_on_mobile=&#8220;&#8220; row_delimiter=&#8220;&#8220; hide_on_desktop=&#8220;&#8220; hide_on_notebook=&#8220;&#8220; hide_on_tablet=&#8220;&#8220; hide_on_mobile=&#8220;&#8220; hide_on_frontpage=&#8220;&#8220; css=&#8220;.vc_custom_1517908464175{margin-right: 0px !important;margin-left: 0px !important;background-color: #e5a40f !important;}&#8220;][vc_column width=&#8220;1\/2&#8243; hide_bg_image_on_tablet=&#8220;&#8220; hide_bg_image_on_mobile=&#8220;&#8220; icons_position=&#8220;left&#8220; css=&#8220;.vc_custom_1517905832483{padding-right: 0px !important;padding-left: 0px !important;}&#8220;][\/vc_column][vc_column width=&#8220;1\/2&#8243; hide_bg_image_on_tablet=&#8220;&#8220; hide_bg_image_on_mobile=&#8220;&#8220; icons_position=&#8220;left&#8220; css=&#8220;.vc_custom_1517906140582{padding-right: 4.8rem !important;padding-left: 4.9rem !important;}&#8220;][vc_empty_space hide_on_desktop=&#8220;&#8220; hide_on_notebook=&#8220;&#8220; hide_on_tablet=&#8220;&#8220; hide_on_mobile=&#8220;&#8220;][vc_empty_space hide_on_desktop=&#8220;&#8220; hide_on_notebook=&#8220;&#8220; hide_on_tablet=&#8220;&#8220; hide_on_mobile=&#8220;&#8220; css=&#8220;.vc_custom_1517909666811{margin-bottom: 1.3rem !important;}&#8220;][vc_empty_space hide_on_desktop=&#8220;&#8220; hide_on_notebook=&#8220;&#8220; hide_on_tablet=&#8220;&#8220;&hellip;","og_url":"https:\/\/mpo.sk\/kontakt\/","og_site_name":"M\u00fazeum petr\u017ealsk\u00e9ho opevnenia","article_publisher":"https:\/\/www.facebook.com\/bunkerbs4","article_modified_time":"2026-02-12T06:29:47+00:00","twitter_card":"summary_large_image","twitter_misc":{"Predpokladan\u00fd \u010das \u010d\u00edtania":"1 min\u00fata"},"schema":{"@context":"https:\/\/schema.org","@graph":[{"@type":"WebPage","@id":"https:\/\/mpo.sk\/kontakt\/","url":"https:\/\/mpo.sk\/kontakt\/","name":"Kontakt - M\u00fazeum petr\u017ealsk\u00e9ho opevnenia","isPartOf":{"@id":"https:\/\/mpo.sk\/#website"},"datePublished":"2017-10-20T12:19:56+00:00","dateModified":"2026-02-12T06:29:47+00:00","breadcrumb":{"@id":"https:\/\/mpo.sk\/kontakt\/#breadcrumb"},"inLanguage":"sk-SK","potentialAction":[{"@type":"ReadAction","target":["https:\/\/mpo.sk\/kontakt\/"]}]},{"@type":"BreadcrumbList","@id":"https:\/\/mpo.sk\/kontakt\/#breadcrumb","itemListElement":[{"@type":"ListItem","position":1,"name":"Home","item":"https:\/\/mpo.sk\/"},{"@type":"ListItem","position":2,"name":"Kontakt"}]},{"@type":"WebSite","@id":"https:\/\/mpo.sk\/#website","url":"https:\/\/mpo.sk\/","name":"M\u00fazeum petr\u017ealsk\u00e9ho opevnenia","description":"\u017div\u00e1 hist\u00f3ria v meste Bratislava","publisher":{"@id":"https:\/\/mpo.sk\/#organization"},"potentialAction":[{"@type":"SearchAction","target":{"@type":"EntryPoint","urlTemplate":"https:\/\/mpo.sk\/?s={search_term_string}"},"query-input":{"@type":"PropertyValueSpecification","valueRequired":true,"valueName":"search_term_string"}}],"inLanguage":"sk-SK"},{"@type":"Organization","@id":"https:\/\/mpo.sk\/#organization","name":"M\u00fazeum petr\u017ealsk\u00e9ho opevnenia (OZ)","url":"https:\/\/mpo.sk\/","logo":{"@type":"ImageObject","inLanguage":"sk-SK","@id":"https:\/\/mpo.sk\/#\/schema\/logo\/image\/","url":"http:\/\/d.r4.wbsprt.com\/mpo.sk\/wp-content\/uploads\/2023\/09\/Logo-MPO-2017_upravene_OK_pre2023.png","contentUrl":"http:\/\/d.r4.wbsprt.com\/mpo.sk\/wp-content\/uploads\/2023\/09\/Logo-MPO-2017_upravene_OK_pre2023.png","width":1872,"height":1860,"caption":"M\u00fazeum petr\u017ealsk\u00e9ho opevnenia (OZ)"},"image":{"@id":"https:\/\/mpo.sk\/#\/schema\/logo\/image\/"},"sameAs":["https:\/\/www.facebook.com\/bunkerbs4","https:\/\/www.instagram.com\/muzeumpetrzalskehoopevnenia\/"]}]}},"_links":{"self":[{"href":"https:\/\/d.r4.wbsprt.com\/mpo.sk\/wp-json\/wp\/v2\/pages\/112"}],"collection":[{"href":"https:\/\/d.r4.wbsprt.com\/mpo.sk\/wp-json\/wp\/v2\/pages"}],"about":[{"href":"https:\/\/d.r4.wbsprt.com\/mpo.sk\/wp-json\/wp\/v2\/types\/page"}],"author":[{"embeddable":true,"href":"https:\/\/d.r4.wbsprt.com\/mpo.sk\/wp-json\/wp\/v2\/users\/1"}],"replies":[{"embeddable":true,"href":"https:\/\/d.r4.wbsprt.com\/mpo.sk\/wp-json\/wp\/v2\/comments?post=112"}],"version-history":[{"count":6,"href":"https:\/\/d.r4.wbsprt.com\/mpo.sk\/wp-json\/wp\/v2\/pages\/112\/revisions"}],"predecessor-version":[{"id":1720,"href":"https:\/\/d.r4.wbsprt.com\/mpo.sk\/wp-json\/wp\/v2\/pages\/112\/revisions\/1720"}],"wp:attachment":[{"href":"https:\/\/d.r4.wbsprt.com\/mpo.sk\/wp-json\/wp\/v2\/media?parent=112"}],"curies":[{"name":"wp","href":"https:\/\/api.w.org\/{rel}","templated":true}]}}