{"id":217,"date":"2017-10-24T12:19:17","date_gmt":"2017-10-24T10:19:17","guid":{"rendered":"http:\/\/mpo.sk\/?page_id=217"},"modified":"2023-11-12T23:02:15","modified_gmt":"2023-11-12T22:02:15","slug":"cookies","status":"publish","type":"page","link":"https:\/\/d.r4.wbsprt.com\/mpo.sk\/cookies\/","title":{"rendered":"COOKIES"},"content":{"rendered":"<section class=\"wpb-content-wrapper\"><p>[vc_row][vc_column icons_position=&#8220;left&#8220;]<div id=\"sc_title_333292676\"\n\t\tclass=\"sc_title color_style_default sc_title_default\"><h6 class=\"sc_item_subtitle sc_title_subtitle sc_align_center sc_item_title_style_default\">COOKIES<\/h6><h1 class=\"sc_item_title sc_title_title sc_align_center sc_item_title_style_default sc_item_title_tag\">Nastavena cookies<\/h1><\/div><!-- \/.sc_title -->[vc_empty_space alter_height=&#8220;small&#8220; hide_on_desktop=&#8220;&#8220; hide_on_notebook=&#8220;&#8220; hide_on_tablet=&#8220;&#8220; hide_on_mobile=&#8220;&#8220; css=&#8220;.vc_custom_1517928124656{margin-bottom: 0.5rem !important;}&#8220;]<style type=\"text\/css\">a.eg-henryharrison-element-1,a.eg-henryharrison-element-2{-webkit-transition:all .4s linear;   -moz-transition:all .4s linear;   -o-transition:all .4s linear;   -ms-transition:all .4s linear;   transition:all .4s linear}.eg-jimmy-carter-element-11 i:before{margin-left:0px; margin-right:0px}.eg-harding-element-17{letter-spacing:1px}.eg-harding-wrapper .esg-entry-media{overflow:hidden; box-sizing:border-box;   -webkit-box-sizing:border-box;   -moz-box-sizing:border-box;   padding:30px 30px 0px 30px}.eg-harding-wrapper .esg-media-poster{overflow:hidden; border-radius:50%;   -webkit-border-radius:50%;   -moz-border-radius:50%}.eg-ulysses-s-grant-wrapper .esg-entry-media{overflow:hidden; box-sizing:border-box;   -webkit-box-sizing:border-box;   -moz-box-sizing:border-box;   padding:30px 30px 0px 30px}.eg-ulysses-s-grant-wrapper .esg-media-poster{overflow:hidden; border-radius:50%;   -webkit-border-radius:50%;   -moz-border-radius:50%}.eg-richard-nixon-wrapper .esg-entry-media{overflow:hidden; box-sizing:border-box;   -webkit-box-sizing:border-box;   -moz-box-sizing:border-box;   padding:30px 30px 0px 30px}.eg-richard-nixon-wrapper .esg-media-poster{overflow:hidden; border-radius:50%;   -webkit-border-radius:50%;   -moz-border-radius:50%}.eg-herbert-hoover-wrapper .esg-media-poster{filter:url(\"data:image\/svg+xml;utf8,<svg xmlns='http:\/\/www.w3.org\/2000\/svg'><filter id='grayscale'><feColorMatrix type='matrix' values='0.3333 0.3333 0.3333 0 0 0.3333 0.3333 0.3333 0 0 0.3333 0.3333 0.3333 0 0 0 0 0 1 0'\/><\/filter><\/svg>#grayscale\");   filter:gray;   -webkit-filter:grayscale(100%)}.eg-herbert-hoover-wrapper:hover .esg-media-poster{filter:url(\"data:image\/svg+xml;utf8,<svg xmlns='http:\/\/www.w3.org\/2000\/svg'><filter id='grayscale'><feColorMatrix type='matrix' values='1 0 0 0 0,0 1 0 0 0,0 0 1 0 0,0 0 0 1 0'\/><\/filter><\/svg>#grayscale\");  -webkit-filter:grayscale(0%)}.eg-lyndon-johnson-wrapper .esg-media-poster{filter:url(\"data:image\/svg+xml;utf8,<svg xmlns='http:\/\/www.w3.org\/2000\/svg'><filter id='grayscale'><feColorMatrix type='matrix' values='0.3333 0.3333 0.3333 0 0 0.3333 0.3333 0.3333 0 0 0.3333 0.3333 0.3333 0 0 0 0 0 1 0'\/><\/filter><\/svg>#grayscale\");   filter:gray;   -webkit-filter:grayscale(100%)}.eg-lyndon-johnson-wrapper:hover .esg-media-poster{filter:url(\"data:image\/svg+xml;utf8,<svg xmlns='http:\/\/www.w3.org\/2000\/svg'><filter id='grayscale'><feColorMatrix type='matrix' values='1 0 0 0 0,0 1 0 0 0,0 0 1 0 0,0 0 0 1 0'\/><\/filter><\/svg>#grayscale\");  -webkit-filter:grayscale(0%)}.esg-overlay.eg-ronald-reagan-container{background:-moz-linear-gradient(top,rgba(0,0,0,0) 50%,rgba(0,0,0,0.83) 99%,rgba(0,0,0,0.85) 100%); background:-webkit-gradient(linear,left top,left bottom,color-stop(50%,rgba(0,0,0,0)),color-stop(99%,rgba(0,0,0,0.83)),color-stop(100%,rgba(0,0,0,0.85))); background:-webkit-linear-gradient(top,rgba(0,0,0,0) 50%,rgba(0,0,0,0.83) 99%,rgba(0,0,0,0.85) 100%); background:-o-linear-gradient(top,rgba(0,0,0,0) 50%,rgba(0,0,0,0.83) 99%,rgba(0,0,0,0.85) 100%); background:-ms-linear-gradient(top,rgba(0,0,0,0) 50%,rgba(0,0,0,0.83) 99%,rgba(0,0,0,0.85) 100%); background:linear-gradient(to bottom,rgba(0,0,0,0) 50%,rgba(0,0,0,0.83) 99%,rgba(0,0,0,0.85) 100%); filter:progid:DXImageTransform.Microsoft.gradient( startColorstr='#00000000',endColorstr='#d9000000',GradientType=0 )}.eg-georgebush-wrapper .esg-entry-cover{background:-moz-linear-gradient(top,rgba(0,0,0,0) 50%,rgba(0,0,0,0.83) 99%,rgba(0,0,0,0.85) 100%); background:-webkit-gradient(linear,left top,left bottom,color-stop(50%,rgba(0,0,0,0)),color-stop(99%,rgba(0,0,0,0.83)),color-stop(100%,rgba(0,0,0,0.85))); background:-webkit-linear-gradient(top,rgba(0,0,0,0) 50%,rgba(0,0,0,0.83) 99%,rgba(0,0,0,0.85) 100%); background:-o-linear-gradient(top,rgba(0,0,0,0) 50%,rgba(0,0,0,0.83) 99%,rgba(0,0,0,0.85) 100%); background:-ms-linear-gradient(top,rgba(0,0,0,0) 50%,rgba(0,0,0,0.83) 99%,rgba(0,0,0,0.85) 100%); background:linear-gradient(to bottom,rgba(0,0,0,0) 50%,rgba(0,0,0,0.83) 99%,rgba(0,0,0,0.85) 100%); filter:progid:DXImageTransform.Microsoft.gradient( startColorstr='#00000000',endColorstr='#d9000000',GradientType=0 )}.eg-jefferson-wrapper{-webkit-border-radius:5px !important; -moz-border-radius:5px !important; border-radius:5px !important; -webkit-mask-image:url(data:image\/png;base64,iVBORw0KGgoAAAANSUhEUgAAAAEAAAABCAIAAACQd1PeAAAAGXRFWHRTb2Z0d2FyZQBBZG9iZSBJbWFnZVJlYWR5ccllPAAAAA5JREFUeNpiYGBgAAgwAAAEAAGbA+oJAAAAAElFTkSuQmCC) !important}.eg-monroe-element-1{text-shadow:0px 1px 3px rgba(0,0,0,0.1)}.eg-lyndon-johnson-wrapper .esg-entry-cover{background:-moz-radial-gradient(center,ellipse cover,rgba(0,0,0,0.35) 0%,rgba(18,18,18,0) 96%,rgba(19,19,19,0) 100%); background:-webkit-gradient(radial,center center,0px,center center,100%,color-stop(0%,rgba(0,0,0,0.35)),color-stop(96%,rgba(18,18,18,0)),color-stop(100%,rgba(19,19,19,0))); background:-webkit-radial-gradient(center,ellipse cover,rgba(0,0,0,0.35) 0%,rgba(18,18,18,0) 96%,rgba(19,19,19,0) 100%); background:-o-radial-gradient(center,ellipse cover,rgba(0,0,0,0.35) 0%,rgba(18,18,18,0) 96%,rgba(19,19,19,0) 100%); background:-ms-radial-gradient(center,ellipse cover,rgba(0,0,0,0.35) 0%,rgba(18,18,18,0) 96%,rgba(19,19,19,0) 100%); background:radial-gradient(ellipse at center,rgba(0,0,0,0.35) 0%,rgba(18,18,18,0) 96%,rgba(19,19,19,0) 100%); filter:progid:DXImageTransform.Microsoft.gradient( startColorstr='#59000000',endColorstr='#00131313',GradientType=1 )}.eg-wilbert-wrapper .esg-entry-cover{background:-moz-radial-gradient(center,ellipse cover,rgba(0,0,0,0.35) 0%,rgba(18,18,18,0) 96%,rgba(19,19,19,0) 100%); background:-webkit-gradient(radial,center center,0px,center center,100%,color-stop(0%,rgba(0,0,0,0.35)),color-stop(96%,rgba(18,18,18,0)),color-stop(100%,rgba(19,19,19,0))); background:-webkit-radial-gradient(center,ellipse cover,rgba(0,0,0,0.35) 0%,rgba(18,18,18,0) 96%,rgba(19,19,19,0) 100%); background:-o-radial-gradient(center,ellipse cover,rgba(0,0,0,0.35) 0%,rgba(18,18,18,0) 96%,rgba(19,19,19,0) 100%); background:-ms-radial-gradient(center,ellipse cover,rgba(0,0,0,0.35) 0%,rgba(18,18,18,0) 96%,rgba(19,19,19,0) 100%); background:radial-gradient(ellipse at center,rgba(0,0,0,0.35) 0%,rgba(18,18,18,0) 96%,rgba(19,19,19,0) 100%); filter:progid:DXImageTransform.Microsoft.gradient( startColorstr='#59000000',endColorstr='#00131313',GradientType=1 )}.eg-wilbert-wrapper .esg-media-poster{-webkit-transition:0.4s ease-in-out;  -moz-transition:0.4s ease-in-out;  -o-transition:0.4s ease-in-out;  transition:0.4s ease-in-out;  filter:url(\"data:image\/svg+xml;utf8,<svg xmlns='http:\/\/www.w3.org\/2000\/svg'><filter id='grayscale'><feColorMatrix type='matrix' values='0.3333 0.3333 0.3333 0 0 0.3333 0.3333 0.3333 0 0 0.3333 0.3333 0.3333 0 0 0 0 0 1 0'\/><\/filter><\/svg>#grayscale\");   filter:gray;   -webkit-filter:grayscale(100%)}.eg-wilbert-wrapper:hover .esg-media-poster{filter:url(\"data:image\/svg+xml;utf8,<svg xmlns='http:\/\/www.w3.org\/2000\/svg'><filter id='grayscale'><feColorMatrix type='matrix' values='1 0 0 0 0,0 1 0 0 0,0 0 1 0 0,0 0 0 1 0'\/><\/filter><\/svg>#grayscale\");  -webkit-filter:grayscale(0%)}.eg-phillie-element-3:after{content:\" \";width:0px;height:0px;border-style:solid;border-width:5px 5px 0 5px;border-color:#000 transparent transparent transparent;left:50%;margin-left:-5px; bottom:-5px; position:absolute}.eg-howardtaft-wrapper .esg-media-poster{filter:url(\"data:image\/svg+xml;utf8,<svg xmlns='http:\/\/www.w3.org\/2000\/svg'><filter id='grayscale'><feColorMatrix type='matrix' values='1 0 0 0 0,0 1 0 0 0,0 0 1 0 0,0 0 0 1 0'\/><\/filter><\/svg>#grayscale\");  -webkit-filter:grayscale(0%)}.eg-howardtaft-wrapper:hover .esg-media-poster{filter:url(\"data:image\/svg+xml;utf8,<svg xmlns='http:\/\/www.w3.org\/2000\/svg'><filter id='grayscale'><feColorMatrix type='matrix' values='0.3333 0.3333 0.3333 0 0 0.3333 0.3333 0.3333 0 0 0.3333 0.3333 0.3333 0 0 0 0 0 1 0'\/><\/filter><\/svg>#grayscale\");   filter:gray;   -webkit-filter:grayscale(100%)}.myportfolio-container .added_to_cart.wc-forward{font-family:\"Open Sans\"; font-size:13px; color:#fff; margin-top:10px}.esgbox-title.esgbox-title-outside-wrap{font-size:15px; font-weight:700; text-align:center}.esgbox-title.esgbox-title-inside-wrap{padding-bottom:10px; font-size:15px; font-weight:700; text-align:center}<\/style>\n[\/vc_column][\/vc_row][vc_row][vc_column icons_position=&#8220;left&#8220;][vc_column_text]<\/p>\n<h4 class=\"wp-block-heading\">1. IDENTIFIK\u00c1CIA PREV\u00c1DZKOVATE\u013dA A V\u0160EOBECN\u00c9 INFORM\u00c1CIE<\/h4>\n<p>Fyzick\u00e1 osoba \u2013 podnikate\u013e \u00a0<strong>OZ M\u00fazeum petr\u017ealsk\u00e9ho opevnenia, so s\u00eddlom Belinsk\u00e9ho 7, 851 01 Bratislava \u2013 Petr\u017ealka, I\u010cO: 42255937,<\/strong> zap\u00edsan\u00e9 v Registri ob\u010dianskych zdru\u017een\u00ed MV SR pod \u010d. VVS\/1-900\/90-37933 (\u010falej ako \u201e<strong><em>Prev\u00e1dzkovate\u013e<\/em><\/strong>\u201c) vyu\u017e\u00edva na svojej webovej str\u00e1nke www.mpo.sk (\u010falej ako \u201e<strong><em>webov\u00e1 str\u00e1nka<\/em><\/strong>\u201c) s\u00fabory cookies.<\/p>\n<p>Cookies s\u00fa mal\u00e9 textov\u00e9 s\u00fabory, ktor\u00e9 si na pr\u00edkaz webovej str\u00e1nky webov\u00fd prehliada\u010d m\u00f4\u017ee uklada\u0165 do V\u00e1\u0161ho zariadenia pri n\u00e1v\u0161teve webovej str\u00e1nky. Sl\u00fa\u017eia na zabezpe\u010denie funk\u010dnosti niektor\u00fdch prvkov webovej str\u00e1nky alebo napr. na to, aby webov\u00e9 str\u00e1nky mohli lep\u0161ie zaznamen\u00e1va\u0165 n\u00e1v\u0161tevnos\u0165 na webovej str\u00e1nke.<\/p>\n<h4 class=\"wp-block-heading\">2. DRUHY S\u00daBOROV COOKIES NA WEBOVEJ STR\u00c1NKE<\/h4>\n<p>Na webovej str\u00e1nke Prev\u00e1dzkovate\u013ea m\u00f4\u017ee Prev\u00e1dzkovate\u013e vyu\u017e\u00edva\u0165 nasleduj\u00face druhy cookies s\u00faborov:<\/p>\n<ul>\n<li><strong>funk\u010dn\u00e9 (nevyhnutn\u00e9) cookie s\u00fabory<\/strong>, ktor\u00e9 sl\u00fa\u017eia na zabezpe\u010denie z\u00e1kladnej funkcionality niektor\u00fdch prvkov a funkci\u00ed webovej str\u00e1nky a\u00a0v\u00a0pr\u00edpade, ak by ich Prev\u00e1dzkovate\u013e nevyu\u017e\u00edval, niektor\u00e9 funkcie webovej str\u00e1nky by sa V\u00e1m nezobrazovali spr\u00e1vne.<\/li>\n<\/ul>\n<ul>\n<li><strong>analytick\u00e9 cookie s\u00fabory,\u00a0<\/strong>ktor\u00e9 sl\u00fa\u017eia na meranie n\u00e1v\u0161tevnosti webovej str\u00e1nky a\u00a0aktivity n\u00e1v\u0161tevn\u00edkov na webovej str\u00e1nke,<\/li>\n<\/ul>\n<ul>\n<li><strong>marketingov\u00e9 cookie subory<\/strong>, ktor\u00e9 sl\u00fa\u017eia na zis\u0165ovanie Va\u0161ich preferenci\u00ed a\u00a0personaliz\u00e1ciu rekl\u00e1m vo webov\u00fdch prehliada\u010doch a\u00a0na soci\u00e1lnych sie\u0165ach.<\/li>\n<\/ul>\n<p>V\u00a0zmysle platnej legislat\u00edvy je Prev\u00e1dzkovate\u013e opr\u00e1vnen\u00fd uklada\u0165 funk\u010dn\u00e9 (nevyhnutn\u00e9) druhy cookie s\u00faborov do V\u00e1\u0161ho zariadenia bez V\u00e1\u0161ho s\u00fahlasu.\u00a0<strong>Vyu\u017e\u00edvanie funk\u010dn\u00fdch cookie s\u00faborov m\u00f4\u017eete vypn\u00fa\u0165 prostredn\u00edctvom nastaven\u00ed V\u00e1\u0161ho prehliada\u010da<\/strong>. V\u00a0takom pr\u00edpade sa V\u00e1m v\u0161ak niektor\u00e9 funkcie webovej str\u00e1nky nebud\u00fa zobrazova\u0165 spr\u00e1vne.<\/p>\n<p>Ostatn\u00e9 druhy cookie s\u00faborov (analytick\u00e9 a marketingov\u00e9)\u00a0<strong>uklad\u00e1 Prev\u00e1dzkovate\u013e do V\u00e1\u0161ho zariadenia iba vtedy, ak mu na ich pou\u017e\u00edvanie udel\u00edte prostredn\u00edctvom cookie li\u0161ty, nach\u00e1dzaj\u00facej sa v\u00a0spodnej \u010dasti webovej str\u00e1nky, svoj s\u00fahlas. V\u00a0pr\u00edpade, ak Prev\u00e1dzkovate\u013eovi neudel\u00edte s\u00fahlas s\u00a0ukladan\u00edm analytick\u00fdch cookie s\u00faborov, bude Prev\u00e1dzkovate\u013e uklada\u0165 do V\u00e1\u0161ho zariadenia iba funk\u010dn\u00e9 (nevyhnutn\u00e9) druhy s\u00faborov cookies.<\/strong><\/p>\n<p>Svoj s\u00fahlas s\u00a0ukladan\u00edm s\u00faborov cookies do V\u00e1\u0161ho zariadenia m\u00f4\u017eete odvola\u0165 alebo zmeni\u0165 prostredn\u00edctvom cookie li\u0161ty, nach\u00e1dzaj\u00facej sa v\u00a0spodnej \u010dasti webovej str\u00e1nky.<\/p>\n<p>Na webovej str\u00e1nke vyu\u017e\u00edva Prev\u00e1dzkovate\u013e nasleduj\u00face druhy s\u00faborov cookies:<\/p>\n<figure class=\"wp-block-image size-large\"><\/figure>\n<h4 class=\"wp-block-heading\"><img loading=\"lazy\" decoding=\"async\" class=\"size-full wp-image-1383 aligncenter\" src=\"http:\/\/mpo.sk\/wp-content\/uploads\/2023\/11\/cookies-mpo-03.jpg\" alt=\"\" width=\"1024\" height=\"904\" srcset=\"http:\/\/d.r4.wbsprt.com\/mpo.sk\/wp-content\/uploads\/2023\/11\/cookies-mpo-03.jpg 1024w, http:\/\/d.r4.wbsprt.com\/mpo.sk\/wp-content\/uploads\/2023\/11\/cookies-mpo-03-300x265.jpg 300w, http:\/\/d.r4.wbsprt.com\/mpo.sk\/wp-content\/uploads\/2023\/11\/cookies-mpo-03-768x678.jpg 768w, http:\/\/d.r4.wbsprt.com\/mpo.sk\/wp-content\/uploads\/2023\/11\/cookies-mpo-03-370x327.jpg 370w, http:\/\/d.r4.wbsprt.com\/mpo.sk\/wp-content\/uploads\/2023\/11\/cookies-mpo-03-760x671.jpg 760w\" sizes=\"(max-width: 1024px) 100vw, 1024px\" \/><\/h4>\n<h4 class=\"wp-block-heading\">3. PLATNOS\u0164<\/h4>\n<p>Tieto z\u00e1sady pou\u017e\u00edvania s\u00faborov cookies na webovej str\u00e1nke s\u00fa platn\u00e9 a \u00fa\u010dinn\u00e9 od 01.04.2020. Prev\u00e1dzkovate\u013e je opr\u00e1vnen\u00fd aktualizova\u0165 a meni\u0165 tieto z\u00e1sady pou\u017e\u00edvania s\u00faborov cookies. V\u00a0pr\u00edpade zmeny t\u00fdchto z\u00e1sad V\u00e1s Prev\u00e1dzkovate\u013e o zmen\u00e1ch obozn\u00e1mi vopred.[\/vc_column_text][\/vc_column][\/vc_row]<\/p>\n<\/section>","protected":false},"excerpt":{"rendered":"<p>[vc_row][vc_column icons_position=&#8220;left&#8220;][vc_empty_space alter_height=&#8220;small&#8220; hide_on_desktop=&#8220;&#8220; hide_on_notebook=&#8220;&#8220; hide_on_tablet=&#8220;&#8220; hide_on_mobile=&#8220;&#8220; css=&#8220;.vc_custom_1517928124656{margin-bottom: 0.5rem !important;}&#8220;][\/vc_column][\/vc_row][vc_row][vc_column icons_position=&#8220;left&#8220;][vc_column_text] 1. IDENTIFIK\u00c1CIA PREV\u00c1DZKOVATE\u013dA A V\u0160EOBECN\u00c9 INFORM\u00c1CIE Fyzick\u00e1 osoba \u2013 podnikate\u013e \u00a0OZ M\u00fazeum petr\u017ealsk\u00e9ho opevnenia, so s\u00eddlom Belinsk\u00e9ho 7, 851 01 Bratislava \u2013 Petr\u017ealka, I\u010cO: 42255937, zap\u00edsan\u00e9 v Registri ob\u010dianskych zdru\u017een\u00ed MV SR pod \u010d. VVS\/1-900\/90-37933 (\u010falej ako \u201ePrev\u00e1dzkovate\u013e\u201c) vyu\u017e\u00edva na svojej webovej str\u00e1nke www.mpo.sk (\u010falej ako \u201ewebov\u00e1 str\u00e1nka\u201c) s\u00fabory&hellip;<\/p>\n","protected":false},"author":1,"featured_media":0,"parent":0,"menu_order":0,"comment_status":"closed","ping_status":"closed","template":"","meta":{"_mi_skip_tracking":false,"_monsterinsights_sitenote_active":false,"_monsterinsights_sitenote_note":"","_monsterinsights_sitenote_category":0,"footnotes":""},"yoast_head":"<!-- This site is optimized with the Yoast SEO plugin v23.5 - https:\/\/yoast.com\/wordpress\/plugins\/seo\/ -->\n<title>COOKIES - M\u00fazeum petr\u017ealsk\u00e9ho opevnenia<\/title>\n<meta name=\"robots\" content=\"index, follow, max-snippet:-1, max-image-preview:large, max-video-preview:-1\" \/>\n<link rel=\"canonical\" href=\"https:\/\/mpo.sk\/cookies\/\" \/>\n<meta property=\"og:locale\" content=\"sk_SK\" \/>\n<meta property=\"og:type\" content=\"article\" \/>\n<meta property=\"og:title\" content=\"COOKIES - M\u00fazeum petr\u017ealsk\u00e9ho opevnenia\" \/>\n<meta property=\"og:description\" content=\"[vc_row][vc_column icons_position=&#8220;left&#8220;][vc_empty_space alter_height=&#8220;small&#8220; hide_on_desktop=&#8220;&#8220; hide_on_notebook=&#8220;&#8220; hide_on_tablet=&#8220;&#8220; hide_on_mobile=&#8220;&#8220; css=&#8220;.vc_custom_1517928124656{margin-bottom: 0.5rem !important;}&#8220;][\/vc_column][\/vc_row][vc_row][vc_column icons_position=&#8220;left&#8220;][vc_column_text] 1. IDENTIFIK\u00c1CIA PREV\u00c1DZKOVATE\u013dA A V\u0160EOBECN\u00c9 INFORM\u00c1CIE Fyzick\u00e1 osoba \u2013 podnikate\u013e \u00a0OZ M\u00fazeum petr\u017ealsk\u00e9ho opevnenia, so s\u00eddlom Belinsk\u00e9ho 7, 851 01 Bratislava \u2013 Petr\u017ealka, I\u010cO: 42255937, zap\u00edsan\u00e9 v Registri ob\u010dianskych zdru\u017een\u00ed MV SR pod \u010d. VVS\/1-900\/90-37933 (\u010falej ako \u201ePrev\u00e1dzkovate\u013e\u201c) vyu\u017e\u00edva na svojej webovej str\u00e1nke www.mpo.sk (\u010falej ako \u201ewebov\u00e1 str\u00e1nka\u201c) s\u00fabory&hellip;\" \/>\n<meta property=\"og:url\" content=\"https:\/\/mpo.sk\/cookies\/\" \/>\n<meta property=\"og:site_name\" content=\"M\u00fazeum petr\u017ealsk\u00e9ho opevnenia\" \/>\n<meta property=\"article:publisher\" content=\"https:\/\/www.facebook.com\/bunkerbs4\" \/>\n<meta property=\"article:modified_time\" content=\"2023-11-12T22:02:15+00:00\" \/>\n<meta property=\"og:image\" content=\"http:\/\/mpo.sk\/wp-content\/uploads\/2023\/11\/cookies-mpo-03.jpg\" \/>\n<meta name=\"twitter:card\" content=\"summary_large_image\" \/>\n<meta name=\"twitter:label1\" content=\"Predpokladan\u00fd \u010das \u010d\u00edtania\" \/>\n\t<meta name=\"twitter:data1\" content=\"3 min\u00faty\" \/>\n<script type=\"application\/ld+json\" class=\"yoast-schema-graph\">{\"@context\":\"https:\/\/schema.org\",\"@graph\":[{\"@type\":\"WebPage\",\"@id\":\"https:\/\/mpo.sk\/cookies\/\",\"url\":\"https:\/\/mpo.sk\/cookies\/\",\"name\":\"COOKIES - M\u00fazeum petr\u017ealsk\u00e9ho opevnenia\",\"isPartOf\":{\"@id\":\"https:\/\/mpo.sk\/#website\"},\"primaryImageOfPage\":{\"@id\":\"https:\/\/mpo.sk\/cookies\/#primaryimage\"},\"image\":{\"@id\":\"https:\/\/mpo.sk\/cookies\/#primaryimage\"},\"thumbnailUrl\":\"http:\/\/mpo.sk\/wp-content\/uploads\/2023\/11\/cookies-mpo-03.jpg\",\"datePublished\":\"2017-10-24T10:19:17+00:00\",\"dateModified\":\"2023-11-12T22:02:15+00:00\",\"breadcrumb\":{\"@id\":\"https:\/\/mpo.sk\/cookies\/#breadcrumb\"},\"inLanguage\":\"sk-SK\",\"potentialAction\":[{\"@type\":\"ReadAction\",\"target\":[\"https:\/\/mpo.sk\/cookies\/\"]}]},{\"@type\":\"ImageObject\",\"inLanguage\":\"sk-SK\",\"@id\":\"https:\/\/mpo.sk\/cookies\/#primaryimage\",\"url\":\"http:\/\/mpo.sk\/wp-content\/uploads\/2023\/11\/cookies-mpo-03.jpg\",\"contentUrl\":\"http:\/\/mpo.sk\/wp-content\/uploads\/2023\/11\/cookies-mpo-03.jpg\"},{\"@type\":\"BreadcrumbList\",\"@id\":\"https:\/\/mpo.sk\/cookies\/#breadcrumb\",\"itemListElement\":[{\"@type\":\"ListItem\",\"position\":1,\"name\":\"Home\",\"item\":\"https:\/\/mpo.sk\/\"},{\"@type\":\"ListItem\",\"position\":2,\"name\":\"COOKIES\"}]},{\"@type\":\"WebSite\",\"@id\":\"https:\/\/mpo.sk\/#website\",\"url\":\"https:\/\/mpo.sk\/\",\"name\":\"M\u00fazeum petr\u017ealsk\u00e9ho opevnenia\",\"description\":\"\u017div\u00e1 hist\u00f3ria v meste Bratislava\",\"publisher\":{\"@id\":\"https:\/\/mpo.sk\/#organization\"},\"potentialAction\":[{\"@type\":\"SearchAction\",\"target\":{\"@type\":\"EntryPoint\",\"urlTemplate\":\"https:\/\/mpo.sk\/?s={search_term_string}\"},\"query-input\":{\"@type\":\"PropertyValueSpecification\",\"valueRequired\":true,\"valueName\":\"search_term_string\"}}],\"inLanguage\":\"sk-SK\"},{\"@type\":\"Organization\",\"@id\":\"https:\/\/mpo.sk\/#organization\",\"name\":\"M\u00fazeum petr\u017ealsk\u00e9ho opevnenia (OZ)\",\"url\":\"https:\/\/mpo.sk\/\",\"logo\":{\"@type\":\"ImageObject\",\"inLanguage\":\"sk-SK\",\"@id\":\"https:\/\/mpo.sk\/#\/schema\/logo\/image\/\",\"url\":\"http:\/\/d.r4.wbsprt.com\/mpo.sk\/wp-content\/uploads\/2023\/09\/Logo-MPO-2017_upravene_OK_pre2023.png\",\"contentUrl\":\"http:\/\/d.r4.wbsprt.com\/mpo.sk\/wp-content\/uploads\/2023\/09\/Logo-MPO-2017_upravene_OK_pre2023.png\",\"width\":1872,\"height\":1860,\"caption\":\"M\u00fazeum petr\u017ealsk\u00e9ho opevnenia (OZ)\"},\"image\":{\"@id\":\"https:\/\/mpo.sk\/#\/schema\/logo\/image\/\"},\"sameAs\":[\"https:\/\/www.facebook.com\/bunkerbs4\",\"https:\/\/www.instagram.com\/muzeumpetrzalskehoopevnenia\/\"]}]}<\/script>\n<!-- \/ Yoast SEO plugin. -->","yoast_head_json":{"title":"COOKIES - M\u00fazeum petr\u017ealsk\u00e9ho opevnenia","robots":{"index":"index","follow":"follow","max-snippet":"max-snippet:-1","max-image-preview":"max-image-preview:large","max-video-preview":"max-video-preview:-1"},"canonical":"https:\/\/mpo.sk\/cookies\/","og_locale":"sk_SK","og_type":"article","og_title":"COOKIES - M\u00fazeum petr\u017ealsk\u00e9ho opevnenia","og_description":"[vc_row][vc_column icons_position=&#8220;left&#8220;][vc_empty_space alter_height=&#8220;small&#8220; hide_on_desktop=&#8220;&#8220; hide_on_notebook=&#8220;&#8220; hide_on_tablet=&#8220;&#8220; hide_on_mobile=&#8220;&#8220; css=&#8220;.vc_custom_1517928124656{margin-bottom: 0.5rem !important;}&#8220;][\/vc_column][\/vc_row][vc_row][vc_column icons_position=&#8220;left&#8220;][vc_column_text] 1. IDENTIFIK\u00c1CIA PREV\u00c1DZKOVATE\u013dA A V\u0160EOBECN\u00c9 INFORM\u00c1CIE Fyzick\u00e1 osoba \u2013 podnikate\u013e \u00a0OZ M\u00fazeum petr\u017ealsk\u00e9ho opevnenia, so s\u00eddlom Belinsk\u00e9ho 7, 851 01 Bratislava \u2013 Petr\u017ealka, I\u010cO: 42255937, zap\u00edsan\u00e9 v Registri ob\u010dianskych zdru\u017een\u00ed MV SR pod \u010d. VVS\/1-900\/90-37933 (\u010falej ako \u201ePrev\u00e1dzkovate\u013e\u201c) vyu\u017e\u00edva na svojej webovej str\u00e1nke www.mpo.sk (\u010falej ako \u201ewebov\u00e1 str\u00e1nka\u201c) s\u00fabory&hellip;","og_url":"https:\/\/mpo.sk\/cookies\/","og_site_name":"M\u00fazeum petr\u017ealsk\u00e9ho opevnenia","article_publisher":"https:\/\/www.facebook.com\/bunkerbs4","article_modified_time":"2023-11-12T22:02:15+00:00","og_image":[{"url":"http:\/\/mpo.sk\/wp-content\/uploads\/2023\/11\/cookies-mpo-03.jpg"}],"twitter_card":"summary_large_image","twitter_misc":{"Predpokladan\u00fd \u010das \u010d\u00edtania":"3 min\u00faty"},"schema":{"@context":"https:\/\/schema.org","@graph":[{"@type":"WebPage","@id":"https:\/\/mpo.sk\/cookies\/","url":"https:\/\/mpo.sk\/cookies\/","name":"COOKIES - M\u00fazeum petr\u017ealsk\u00e9ho opevnenia","isPartOf":{"@id":"https:\/\/mpo.sk\/#website"},"primaryImageOfPage":{"@id":"https:\/\/mpo.sk\/cookies\/#primaryimage"},"image":{"@id":"https:\/\/mpo.sk\/cookies\/#primaryimage"},"thumbnailUrl":"http:\/\/mpo.sk\/wp-content\/uploads\/2023\/11\/cookies-mpo-03.jpg","datePublished":"2017-10-24T10:19:17+00:00","dateModified":"2023-11-12T22:02:15+00:00","breadcrumb":{"@id":"https:\/\/mpo.sk\/cookies\/#breadcrumb"},"inLanguage":"sk-SK","potentialAction":[{"@type":"ReadAction","target":["https:\/\/mpo.sk\/cookies\/"]}]},{"@type":"ImageObject","inLanguage":"sk-SK","@id":"https:\/\/mpo.sk\/cookies\/#primaryimage","url":"http:\/\/mpo.sk\/wp-content\/uploads\/2023\/11\/cookies-mpo-03.jpg","contentUrl":"http:\/\/mpo.sk\/wp-content\/uploads\/2023\/11\/cookies-mpo-03.jpg"},{"@type":"BreadcrumbList","@id":"https:\/\/mpo.sk\/cookies\/#breadcrumb","itemListElement":[{"@type":"ListItem","position":1,"name":"Home","item":"https:\/\/mpo.sk\/"},{"@type":"ListItem","position":2,"name":"COOKIES"}]},{"@type":"WebSite","@id":"https:\/\/mpo.sk\/#website","url":"https:\/\/mpo.sk\/","name":"M\u00fazeum petr\u017ealsk\u00e9ho opevnenia","description":"\u017div\u00e1 hist\u00f3ria v meste Bratislava","publisher":{"@id":"https:\/\/mpo.sk\/#organization"},"potentialAction":[{"@type":"SearchAction","target":{"@type":"EntryPoint","urlTemplate":"https:\/\/mpo.sk\/?s={search_term_string}"},"query-input":{"@type":"PropertyValueSpecification","valueRequired":true,"valueName":"search_term_string"}}],"inLanguage":"sk-SK"},{"@type":"Organization","@id":"https:\/\/mpo.sk\/#organization","name":"M\u00fazeum petr\u017ealsk\u00e9ho opevnenia (OZ)","url":"https:\/\/mpo.sk\/","logo":{"@type":"ImageObject","inLanguage":"sk-SK","@id":"https:\/\/mpo.sk\/#\/schema\/logo\/image\/","url":"http:\/\/d.r4.wbsprt.com\/mpo.sk\/wp-content\/uploads\/2023\/09\/Logo-MPO-2017_upravene_OK_pre2023.png","contentUrl":"http:\/\/d.r4.wbsprt.com\/mpo.sk\/wp-content\/uploads\/2023\/09\/Logo-MPO-2017_upravene_OK_pre2023.png","width":1872,"height":1860,"caption":"M\u00fazeum petr\u017ealsk\u00e9ho opevnenia (OZ)"},"image":{"@id":"https:\/\/mpo.sk\/#\/schema\/logo\/image\/"},"sameAs":["https:\/\/www.facebook.com\/bunkerbs4","https:\/\/www.instagram.com\/muzeumpetrzalskehoopevnenia\/"]}]}},"_links":{"self":[{"href":"https:\/\/d.r4.wbsprt.com\/mpo.sk\/wp-json\/wp\/v2\/pages\/217"}],"collection":[{"href":"https:\/\/d.r4.wbsprt.com\/mpo.sk\/wp-json\/wp\/v2\/pages"}],"about":[{"href":"https:\/\/d.r4.wbsprt.com\/mpo.sk\/wp-json\/wp\/v2\/types\/page"}],"author":[{"embeddable":true,"href":"https:\/\/d.r4.wbsprt.com\/mpo.sk\/wp-json\/wp\/v2\/users\/1"}],"replies":[{"embeddable":true,"href":"https:\/\/d.r4.wbsprt.com\/mpo.sk\/wp-json\/wp\/v2\/comments?post=217"}],"version-history":[{"count":6,"href":"https:\/\/d.r4.wbsprt.com\/mpo.sk\/wp-json\/wp\/v2\/pages\/217\/revisions"}],"predecessor-version":[{"id":1406,"href":"https:\/\/d.r4.wbsprt.com\/mpo.sk\/wp-json\/wp\/v2\/pages\/217\/revisions\/1406"}],"wp:attachment":[{"href":"https:\/\/d.r4.wbsprt.com\/mpo.sk\/wp-json\/wp\/v2\/media?parent=217"}],"curies":[{"name":"wp","href":"https:\/\/api.w.org\/{rel}","templated":true}]}}